Last updated on 2025-05-01 17:56:02 CEST.
Flavor | Version | Tinstall | Tcheck | Ttotal | Status | Flags |
---|---|---|---|---|---|---|
r-devel-linux-x86_64-debian-clang | 1.0.1 | 2.57 | 28.26 | 30.83 | NOTE | |
r-devel-linux-x86_64-debian-gcc | 1.0.1 | 2.02 | 21.22 | 23.24 | NOTE | |
r-devel-linux-x86_64-fedora-clang | 1.0.1 | 48.66 | NOTE | |||
r-devel-linux-x86_64-fedora-gcc | 1.0.1 | 46.25 | NOTE | |||
r-devel-windows-x86_64 | 1.0.1 | 4.00 | 55.00 | 59.00 | NOTE | |
r-patched-linux-x86_64 | 1.0.1 | 2.75 | 27.06 | 29.81 | NOTE | |
r-release-linux-x86_64 | NOTE | |||||
r-release-macos-arm64 | 1.0.1 | 18.00 | NOTE | |||
r-release-macos-x86_64 | 1.0.1 | 30.00 | NOTE | |||
r-release-windows-x86_64 | 1.0.1 | 5.00 | 58.00 | 63.00 | NOTE | |
r-oldrel-macos-arm64 | 1.0.1 | 17.00 | NOTE | |||
r-oldrel-macos-x86_64 | 1.0.1 | 25.00 | NOTE | |||
r-oldrel-windows-x86_64 | 1.0.1 | 5.00 | 53.00 | 58.00 | NOTE |
Version: 1.0.1
Check: CRAN incoming feasibility
Result: NOTE
Maintainer: ‘Isabel Serra <iserra@crm.cat>’
No Authors@R field in DESCRIPTION.
Please add one, modifying
Authors@R: c(person(given = c("Joan", "del"),
family = "Castillo",
role = "aut"),
person(given = c("David", "Moriña"),
family = "Soler",
role = "aut"),
person(given = "Isabel",
family = "Serra",
role = c("aut", "cre"),
email = "iserra@crm.cat"))
as necessary.
Flavors: r-devel-linux-x86_64-debian-clang, r-devel-linux-x86_64-debian-gcc
Version: 1.0.1
Check: Rd files
Result: NOTE
checkRd: (-1) Tm.Rd:46-48: Lost braces in \itemize; \value handles \item{}{} directly
checkRd: (-1) Tm.Rd:49-51: Lost braces in \itemize; \value handles \item{}{} directly
checkRd: (-1) Tm.Rd:52-54: Lost braces in \itemize; \value handles \item{}{} directly
checkRd: (-1) Tm.Rd:55-57: Lost braces in \itemize; \value handles \item{}{} directly
checkRd: (-1) Tm.Rd:58-60: Lost braces in \itemize; \value handles \item{}{} directly
checkRd: (-1) fitpot.Rd:36-39: Lost braces in \itemize; \value handles \item{}{} directly
checkRd: (-1) fitpot.Rd:40-42: Lost braces in \itemize; \value handles \item{}{} directly
checkRd: (-1) fitpot.Rd:43-46: Lost braces in \itemize; \value handles \item{}{} directly
checkRd: (-1) fitpot.Rd:47-49: Lost braces in \itemize; \value handles \item{}{} directly
checkRd: (-1) thrselect.Rd:54-56: Lost braces in \itemize; \value handles \item{}{} directly
checkRd: (-1) thrselect.Rd:57-59: Lost braces in \itemize; \value handles \item{}{} directly
checkRd: (-1) thrselect.Rd:60-62: Lost braces in \itemize; \value handles \item{}{} directly
checkRd: (-1) thrselect.Rd:63-65: Lost braces in \itemize; \value handles \item{}{} directly
checkRd: (-1) thrselect.Rd:66-68: Lost braces in \itemize; \value handles \item{}{} directly
checkRd: (-1) thrselect.Rd:69-71: Lost braces in \itemize; \value handles \item{}{} directly
checkRd: (-1) thrselect.Rd:72-74: Lost braces in \itemize; \value handles \item{}{} directly
checkRd: (-1) thrselect.Rd:75-77: Lost braces in \itemize; \value handles \item{}{} directly
Flavors: r-devel-linux-x86_64-debian-clang, r-devel-linux-x86_64-debian-gcc, r-devel-linux-x86_64-fedora-clang, r-devel-linux-x86_64-fedora-gcc, r-devel-windows-x86_64, r-patched-linux-x86_64, r-release-linux-x86_64, r-release-macos-arm64, r-release-macos-x86_64, r-release-windows-x86_64, r-oldrel-macos-arm64, r-oldrel-macos-x86_64, r-oldrel-windows-x86_64
Version: 1.0.1
Check: examples
Result: NOTE
Examples with CPU (user + system) or elapsed time > 5s
user system elapsed
thrselect 5.002 0 6.018
Flavor: r-devel-linux-x86_64-debian-clang
These binaries (installable software) and packages are in development.
They may not be fully stable and should be used with caution. We make no claims about them.