Last updated on 2024-07-27 15:50:17 CEST.
Flavor | Version | Tinstall | Tcheck | Ttotal | Status | Flags |
---|---|---|---|---|---|---|
r-devel-linux-x86_64-debian-clang | 1.1.0 | 22.15 | 377.21 | 399.36 | OK | |
r-devel-linux-x86_64-debian-gcc | 1.1.0 | NOTE | ||||
r-devel-linux-x86_64-fedora-clang | 1.1.0 | 520.90 | OK | |||
r-devel-linux-x86_64-fedora-gcc | 1.1.0 | 482.61 | OK | |||
r-devel-windows-x86_64 | 1.1.0 | 21.00 | 214.00 | 235.00 | NOTE | |
r-patched-linux-x86_64 | 1.1.0 | OK | ||||
r-release-linux-x86_64 | 1.1.0 | 17.84 | 370.76 | 388.60 | OK | |
r-release-macos-arm64 | 1.1.0 | 121.00 | OK | |||
r-release-macos-x86_64 | 1.1.0 | 248.00 | OK | |||
r-release-windows-x86_64 | 1.1.0 | 22.00 | 217.00 | 239.00 | OK | |
r-oldrel-macos-arm64 | 1.1.0 | 119.00 | OK | |||
r-oldrel-macos-x86_64 | 1.1.0 | 259.00 | OK | |||
r-oldrel-windows-x86_64 | 1.1.0 | 30.00 | 267.00 | 297.00 | OK |
Version: 1.1.0
Check: Rd cross-references
Result: NOTE
Found the following Rd file(s) with Rd \link{} targets missing package
anchors:
EgoStat-internal.Rd: egor
as.egor.egodata.Rd: egor
as.egor.network.Rd: network, egor
control.ergm.ego.Rd: network
degreedist.egor.Rd: egor
ergm.ego-terms.Rd: egor
ergm.ego.Rd: egor
gof.ergm.ego.Rd: control.gof.formula, control.gof.ergm
mixingmatrix.egor.Rd: egor
nodal_attributes-API.Rd: check.ErgmTerm, egor, network
simulate.ergm.ego.Rd: network, ergm, simulate.ergm
summary_formula.egor.Rd: egor
template_network.Rd: egor, tibble
Please provide package anchors for all Rd \link{} targets not in the
package itself and the base packages.
Flavors: r-devel-linux-x86_64-debian-gcc, r-devel-windows-x86_64
These binaries (installable software) and packages are in development.
They may not be fully stable and should be used with caution. We make no claims about them.