Last updated on 2025-02-16 10:50:45 CET.
Flavor | Version | Tinstall | Tcheck | Ttotal | Status | Flags |
---|---|---|---|---|---|---|
r-devel-linux-x86_64-debian-clang | 4.1.1 | 7.16 | 349.18 | 356.34 | NOTE | |
r-devel-linux-x86_64-debian-gcc | 4.1.1 | 5.43 | 295.74 | 301.17 | NOTE | |
r-devel-linux-x86_64-fedora-clang | 4.1.1 | 469.66 | OK | |||
r-devel-linux-x86_64-fedora-gcc | 4.1.1 | 407.07 | OK | |||
r-devel-macos-arm64 | 4.1.1 | 309.00 | OK | |||
r-devel-macos-x86_64 | 4.1.1 | 505.00 | OK | |||
r-devel-windows-x86_64 | 4.1.1 | 12.00 | 401.00 | 413.00 | NOTE | |
r-patched-linux-x86_64 | 4.1.1 | 13.90 | 254.67 | 268.57 | OK | |
r-release-linux-x86_64 | 4.1.1 | 7.46 | 284.64 | 292.10 | OK | |
r-release-macos-arm64 | 4.1.1 | 212.00 | OK | |||
r-release-macos-x86_64 | 4.1.1 | 408.00 | OK | |||
r-release-windows-x86_64 | 4.1.1 | 14.00 | 337.00 | 351.00 | OK | |
r-oldrel-macos-arm64 | 4.1.1 | 493.00 | OK | |||
r-oldrel-macos-x86_64 | 4.1.1 | 866.00 | OK | |||
r-oldrel-windows-x86_64 | 4.1.1 | 15.00 | 342.00 | 357.00 | OK |
Version: 4.1.1
Check: Rd cross-references
Result: NOTE
Found the following Rd file(s) with Rd \link{} targets missing package
anchors:
AlterSwap-ergmProposal-7e827ae4.Rd: ergmProposal
CompleteOrder-ergmReference-f40141c3.Rd: ergmReference
ergm.rank-package.Rd: ergm-package, ergm
rankdeference-ergmTerm-73181c43.Rd: ergmTerm
rankedgecov-ergmTerm-5905bc22.Rd: ergmTerm
rankinconsistency-ergmTerm-b232ab56.Rd: network, ergmTerm
ranknodeicov-ergmTerm-856bed59.Rd: ergmTerm
ranknonconformity-ergmTerm-a4593778.Rd: ergmTerm
Please provide package anchors for all Rd \link{} targets not in the
package itself and the base packages.
Flavors: r-devel-linux-x86_64-debian-clang, r-devel-linux-x86_64-debian-gcc, r-devel-windows-x86_64
These binaries (installable software) and packages are in development.
They may not be fully stable and should be used with caution. We make no claims about them.