Last updated on 2025-05-01 14:49:09 CEST.
Flavor | Version | Tinstall | Tcheck | Ttotal | Status | Flags |
---|---|---|---|---|---|---|
r-devel-linux-x86_64-debian-clang | 0.6.0 | 2.17 | 27.23 | 29.40 | NOTE | |
r-devel-linux-x86_64-debian-gcc | 0.6.0 | 1.67 | 22.00 | 23.67 | NOTE | |
r-devel-linux-x86_64-fedora-clang | 0.6.0 | 46.04 | OK | |||
r-devel-linux-x86_64-fedora-gcc | 0.6.0 | 58.07 | OK | |||
r-devel-windows-x86_64 | 0.6.0 | 3.00 | 55.00 | 58.00 | OK | |
r-patched-linux-x86_64 | 0.6.0 | 2.68 | 25.52 | 28.20 | OK | |
r-release-linux-x86_64 | OK | |||||
r-release-macos-arm64 | 0.6.0 | 59.00 | OK | |||
r-release-macos-x86_64 | 0.6.0 | 43.00 | OK | |||
r-release-windows-x86_64 | 0.6.0 | 3.00 | 60.00 | 63.00 | OK | |
r-oldrel-macos-arm64 | 0.6.0 | 50.00 | OK | |||
r-oldrel-macos-x86_64 | 0.6.0 | 88.00 | OK | |||
r-oldrel-windows-x86_64 | 0.6.0 | 4.00 | 55.00 | 59.00 | OK |
Version: 0.6.0
Check: CRAN incoming feasibility
Result: NOTE
Maintainer: ‘Renfei Mao <renfeimao@gmail.com>’
No Authors@R field in DESCRIPTION.
Please add one, modifying
Authors@R: person(given = "Renfei",
family = "Mao",
role = c("aut", "cre"),
email = "renfeimao@gmail.com")
as necessary.
Flavors: r-devel-linux-x86_64-debian-clang, r-devel-linux-x86_64-debian-gcc
These binaries (installable software) and packages are in development.
They may not be fully stable and should be used with caution. We make no claims about them.