Last updated on 2025-11-11 15:50:33 CET.
| Flavor | Version | Tinstall | Tcheck | Ttotal | Status | Flags |
|---|---|---|---|---|---|---|
| r-devel-linux-x86_64-debian-clang | 0.6.0 | 1.87 | 29.17 | 31.04 | NOTE | |
| r-devel-linux-x86_64-debian-gcc | 0.6.0 | 1.84 | 23.33 | 25.17 | NOTE | |
| r-devel-linux-x86_64-fedora-clang | 0.6.0 | 46.16 | OK | |||
| r-devel-linux-x86_64-fedora-gcc | 0.6.0 | 58.15 | OK | |||
| r-devel-windows-x86_64 | 0.6.0 | 3.00 | 49.00 | 52.00 | OK | |
| r-patched-linux-x86_64 | 0.6.0 | 2.65 | 27.02 | 29.67 | OK | |
| r-release-linux-x86_64 | 0.6.0 | 2.15 | 27.20 | 29.35 | OK | |
| r-release-macos-arm64 | 0.6.0 | 2.00 | 57.00 | 59.00 | OK | |
| r-release-macos-x86_64 | 0.6.0 | 2.00 | 41.00 | 43.00 | OK | |
| r-release-windows-x86_64 | 0.6.0 | 4.00 | 49.00 | 53.00 | OK | |
| r-oldrel-macos-arm64 | 0.6.0 | 1.00 | 49.00 | 50.00 | OK | |
| r-oldrel-macos-x86_64 | 0.6.0 | 3.00 | 85.00 | 88.00 | OK | |
| r-oldrel-windows-x86_64 | 0.6.0 | 5.00 | 55.00 | 60.00 | OK |
Version: 0.6.0
Check: CRAN incoming feasibility
Result: NOTE
Maintainer: ‘Renfei Mao <renfeimao@gmail.com>’
No Authors@R field in DESCRIPTION.
Please add one, modifying
Authors@R: person(given = "Renfei",
family = "Mao",
role = c("aut", "cre"),
email = "renfeimao@gmail.com")
as necessary.
Flavors: r-devel-linux-x86_64-debian-clang, r-devel-linux-x86_64-debian-gcc
These binaries (installable software) and packages are in development.
They may not be fully stable and should be used with caution. We make no claims about them.