Last updated on 2025-05-03 22:49:52 CEST.
Flavor | Version | Tinstall | Tcheck | Ttotal | Status | Flags |
---|---|---|---|---|---|---|
r-devel-linux-x86_64-debian-clang | 1.1.0 | 3.01 | 26.92 | 29.93 | OK | |
r-devel-linux-x86_64-debian-gcc | 1.1.0 | 2.27 | 20.54 | 22.81 | OK | |
r-devel-linux-x86_64-fedora-clang | 1.1.0 | 47.36 | NOTE | |||
r-devel-linux-x86_64-fedora-gcc | 1.1.0 | 47.61 | NOTE | |||
r-devel-windows-x86_64 | 1.1.0 | 4.00 | 54.00 | 58.00 | OK | |
r-patched-linux-x86_64 | 1.1.0 | 2.83 | 25.88 | 28.71 | OK | |
r-release-linux-x86_64 | OK | |||||
r-release-macos-arm64 | 1.1.0 | 21.00 | OK | |||
r-release-macos-x86_64 | 1.1.0 | 35.00 | OK | |||
r-release-windows-x86_64 | 1.1.0 | 4.00 | 49.00 | 53.00 | OK | |
r-oldrel-macos-arm64 | 1.1.0 | 18.00 | OK | |||
r-oldrel-macos-x86_64 | 1.1.0 | 26.00 | OK | |||
r-oldrel-windows-x86_64 | 1.1.0 | 5.00 | 55.00 | 60.00 | OK |
Version: 1.1.0
Check: dependencies in R code
Result: NOTE
Namespace in Imports field not imported from: ‘signal’
All declared Imports should be used.
Flavors: r-devel-linux-x86_64-fedora-clang, r-devel-linux-x86_64-fedora-gcc
These binaries (installable software) and packages are in development.
They may not be fully stable and should be used with caution. We make no claims about them.