Last updated on 2025-02-16 10:50:45 CET.
Flavor | Version | Tinstall | Tcheck | Ttotal | Status | Flags |
---|---|---|---|---|---|---|
r-devel-linux-x86_64-debian-clang | 0.1.2 | 1.58 | 21.91 | 23.49 | NOTE | |
r-devel-linux-x86_64-debian-gcc | 0.1.2 | 1.19 | 18.24 | 19.43 | NOTE | |
r-devel-linux-x86_64-fedora-clang | 0.1.2 | 40.86 | OK | |||
r-devel-linux-x86_64-fedora-gcc | 0.1.2 | 50.99 | OK | |||
r-devel-macos-arm64 | 0.1.2 | 23.00 | OK | |||
r-devel-macos-x86_64 | 0.1.2 | 41.00 | OK | |||
r-devel-windows-x86_64 | 0.1.2 | 4.00 | 44.00 | 48.00 | NOTE | |
r-patched-linux-x86_64 | 0.1.2 | 3.56 | 21.02 | 24.58 | OK | |
r-release-linux-x86_64 | 0.1.2 | 1.40 | 20.99 | 22.39 | OK | |
r-release-macos-arm64 | 0.1.2 | 23.00 | OK | |||
r-release-macos-x86_64 | 0.1.2 | 51.00 | OK | |||
r-release-windows-x86_64 | 0.1.2 | 2.00 | 48.00 | 50.00 | OK | |
r-oldrel-macos-arm64 | 0.1.2 | 24.00 | OK | |||
r-oldrel-macos-x86_64 | 0.1.2 | 50.00 | OK | |||
r-oldrel-windows-x86_64 | 0.1.2 | 4.00 | 43.00 | 47.00 | OK |
Version: 0.1.2
Check: Rd cross-references
Result: NOTE
Found the following Rd file(s) with Rd \link{} targets missing package
anchors:
errorist_init.Rd: searcher
shims.Rd: searcher
Please provide package anchors for all Rd \link{} targets not in the
package itself and the base packages.
Flavors: r-devel-linux-x86_64-debian-clang, r-devel-linux-x86_64-debian-gcc, r-devel-windows-x86_64
These binaries (installable software) and packages are in development.
They may not be fully stable and should be used with caution. We make no claims about them.