Last updated on 2025-10-23 11:50:12 CEST.
Flavor | Version | Tinstall | Tcheck | Ttotal | Status | Flags |
---|---|---|---|---|---|---|
r-devel-linux-x86_64-debian-clang | 1.1.2 | 6.07 | 64.43 | 70.50 | NOTE | |
r-devel-linux-x86_64-debian-gcc | 1.1.2 | 4.73 | 48.66 | 53.39 | OK | |
r-devel-linux-x86_64-fedora-clang | 1.1.2 | 18.00 | 97.42 | 115.42 | OK | |
r-devel-linux-x86_64-fedora-gcc | 1.1.2 | 13.00 | 105.84 | 118.84 | OK | |
r-devel-windows-x86_64 | 1.1.2 | 7.00 | 76.00 | 83.00 | OK | |
r-patched-linux-x86_64 | 1.1.2 | 5.91 | 62.21 | 68.12 | OK | |
r-release-linux-x86_64 | 1.1.2 | 5.81 | 61.45 | 67.26 | OK | |
r-release-macos-arm64 | 1.1.2 | 3.00 | 85.00 | 88.00 | OK | |
r-release-macos-x86_64 | 1.1.2 | 6.00 | 97.00 | 103.00 | OK | |
r-release-windows-x86_64 | 1.1.2 | 7.00 | 76.00 | 83.00 | OK | |
r-oldrel-macos-arm64 | 1.1.2 | 3.00 | 84.00 | 87.00 | OK | |
r-oldrel-macos-x86_64 | 1.1.2 | 5.00 | 122.00 | 127.00 | OK | |
r-oldrel-windows-x86_64 | 1.1.2 | 10.00 | 92.00 | 102.00 | OK |
Version: 1.1.2
Check: HTML version of manual
Result: NOTE
Found the following HTML validation problems:
cat_coefficients.html:51:1 (cat_coefficients.Rd:12): Warning: missing </ul> before </div>
expect_values.html:58:1 (expect_values.Rd:16): Warning: missing </ul> before </div>
mip_rule.html:50:1 (mip_rule.Rd:12): Warning: missing </ul> before </div>
translate_mip_lp.html:58:1 (translate_mip_lp.Rd:16): Warning: missing </ul> before </div>
Flavor: r-devel-linux-x86_64-debian-clang
These binaries (installable software) and packages are in development.
They may not be fully stable and should be used with caution. We make no claims about them.