Last updated on 2025-02-19 16:50:48 CET.
Flavor | Version | Tinstall | Tcheck | Ttotal | Status | Flags |
---|---|---|---|---|---|---|
r-devel-linux-x86_64-debian-clang | 1.1.1 | 6.57 | 59.33 | 65.90 | NOTE | |
r-devel-linux-x86_64-debian-gcc | 1.1.1 | 4.74 | 44.72 | 49.46 | NOTE | |
r-devel-linux-x86_64-fedora-clang | 1.1.1 | 105.21 | OK | |||
r-devel-linux-x86_64-fedora-gcc | 1.1.1 | 116.18 | OK | |||
r-devel-macos-arm64 | 1.1.1 | 38.00 | OK | |||
r-devel-macos-x86_64 | 1.1.1 | 73.00 | OK | |||
r-devel-windows-x86_64 | 1.1.1 | 7.00 | 76.00 | 83.00 | NOTE | |
r-patched-linux-x86_64 | 1.1.1 | 6.47 | 55.79 | 62.26 | OK | |
r-release-linux-x86_64 | 1.1.1 | 5.48 | 55.39 | 60.87 | OK | |
r-release-macos-arm64 | 1.1.1 | 36.00 | OK | |||
r-release-macos-x86_64 | 1.1.1 | 58.00 | OK | |||
r-release-windows-x86_64 | 1.1.1 | 8.00 | 74.00 | 82.00 | OK | |
r-oldrel-macos-arm64 | 1.1.1 | 50.00 | OK | |||
r-oldrel-macos-x86_64 | 1.1.1 | 123.00 | OK | |||
r-oldrel-windows-x86_64 | 1.1.1 | 8.00 | 82.00 | 90.00 | OK |
Version: 1.1.1
Check: Rd cross-references
Result: NOTE
Found the following Rd file(s) with Rd \link{} targets missing package
anchors:
MipRules-class.Rd: validator
errorlocate-package.Rd: validate
errorlocation.Rd: values
is_linear.Rd: validator
replace_errors.Rd: validator
translate_mip_lp.Rd: lp.control
Please provide package anchors for all Rd \link{} targets not in the
package itself and the base packages.
Flavors: r-devel-linux-x86_64-debian-clang, r-devel-linux-x86_64-debian-gcc, r-devel-windows-x86_64
These binaries (installable software) and packages are in development.
They may not be fully stable and should be used with caution. We make no claims about them.