CRAN Package Check Results for Package errum

Last updated on 2025-10-03 07:49:39 CEST.

Flavor Version Tinstall Tcheck Ttotal Status Flags
r-devel-linux-x86_64-debian-clang 0.0.4 21.91 27.89 49.80 OK
r-devel-linux-x86_64-debian-gcc 0.0.4 16.87 22.30 39.17 OK
r-devel-linux-x86_64-fedora-clang 0.0.4 93.16 OK
r-devel-linux-x86_64-fedora-gcc 0.0.4 91.23 OK
r-devel-windows-x86_64 0.0.4 32.00 68.00 100.00 OK
r-patched-linux-x86_64 0.0.4 24.83 25.27 50.10 OK
r-release-linux-x86_64 0.0.3 23.88 25.58 49.46 NOTE
r-release-macos-arm64 0.0.4 30.00 OK
r-release-macos-x86_64 0.0.4 138.00 OK
r-release-windows-x86_64 0.0.4 31.00 70.00 101.00 OK
r-oldrel-macos-arm64 0.0.3 28.00 NOTE
r-oldrel-macos-x86_64 0.0.4 118.00 OK
r-oldrel-windows-x86_64 0.0.4 36.00 78.00 114.00 OK

Check Details

Version: 0.0.3
Check: C++ specification
Result: NOTE Specified C++11: please drop specification unless essential Flavors: r-release-linux-x86_64, r-oldrel-macos-arm64

Version: 0.0.3
Check: LazyData
Result: NOTE 'LazyData' is specified without a 'data' directory Flavor: r-oldrel-macos-arm64

These binaries (installable software) and packages are in development.
They may not be fully stable and should be used with caution. We make no claims about them.