CRAN Package Check Results for Package esaddle

Last updated on 2025-02-16 10:50:45 CET.

Flavor Version Tinstall Tcheck Ttotal Status Flags
r-devel-linux-x86_64-debian-clang 0.0.7 12.98 48.15 61.13 NOTE
r-devel-linux-x86_64-debian-gcc 0.0.7 11.21 34.08 45.29 NOTE
r-devel-linux-x86_64-fedora-clang 0.0.7 109.90 NOTE
r-devel-linux-x86_64-fedora-gcc 0.0.7 120.26 NOTE
r-devel-macos-arm64 0.0.7 46.00 NOTE
r-devel-macos-x86_64 0.0.7 126.00 NOTE
r-devel-windows-x86_64 0.0.7 18.00 94.00 112.00 NOTE
r-patched-linux-x86_64 0.0.7 12.94 45.99 58.93 NOTE
r-release-linux-x86_64 0.0.7 13.69 45.59 59.28 NOTE
r-release-macos-arm64 0.0.7 44.00 NOTE
r-release-macos-x86_64 0.0.7 73.00 NOTE
r-release-windows-x86_64 0.0.7 20.00 102.00 122.00 NOTE
r-oldrel-macos-arm64 0.0.7 47.00 OK
r-oldrel-macos-x86_64 0.0.7 79.00 OK
r-oldrel-windows-x86_64 0.0.7 24.00 115.00 139.00 OK

Check Details

Version: 0.0.7
Check: Rd files
Result: NOTE checkRd: (-1) dsaddle.Rd:39-40: Lost braces in \itemize; meant \describe ? checkRd: (-1) dsaddle.Rd:41: Lost braces in \itemize; meant \describe ? checkRd: (-1) dsaddle.Rd:42-43: Lost braces in \itemize; meant \describe ? checkRd: (-1) dsaddle.Rd:44-45: Lost braces in \itemize; meant \describe ? checkRd: (-1) dsaddle.Rd:46-48: Lost braces in \itemize; meant \describe ? checkRd: (-1) dsaddle.Rd:61: Lost braces in \itemize; \value handles \item{}{} directly checkRd: (-1) dsaddle.Rd:62-63: Lost braces in \itemize; \value handles \item{}{} directly checkRd: (-1) dsaddle.Rd:64-65: Lost braces in \itemize; \value handles \item{}{} directly checkRd: (-1) dsaddle.Rd:66-67: Lost braces in \itemize; \value handles \item{}{} directly checkRd: (-1) dsaddle.Rd:68: Lost braces in \itemize; \value handles \item{}{} directly checkRd: (-1) dsaddle.Rd:69: Lost braces in \itemize; \value handles \item{}{} directly checkRd: (-1) ecgf.Rd:24: Lost braces in \itemize; \value handles \item{}{} directly checkRd: (-1) ecgf.Rd:25: Lost braces in \itemize; \value handles \item{}{} directly checkRd: (-1) ecgf.Rd:26: Lost braces in \itemize; \value handles \item{}{} directly checkRd: (-1) robCov.Rd:19: Lost braces in \itemize; \value handles \item{}{} directly checkRd: (-1) robCov.Rd:20-21: Lost braces in \itemize; \value handles \item{}{} directly checkRd: (-1) robCov.Rd:22: Lost braces in \itemize; \value handles \item{}{} directly checkRd: (-1) robCov.Rd:23: Lost braces in \itemize; \value handles \item{}{} directly checkRd: (-1) robCov.Rd:24: Lost braces in \itemize; \value handles \item{}{} directly checkRd: (-1) robCov.Rd:25: Lost braces in \itemize; \value handles \item{}{} directly checkRd: (-1) robCov.Rd:26-27: Lost braces in \itemize; \value handles \item{}{} directly checkRd: (-1) selectDecay.Rd:48-49: Lost braces in \itemize; meant \describe ? checkRd: (-1) selectDecay.Rd:50-51: Lost braces in \itemize; meant \describe ? checkRd: (-1) selectDecay.Rd:52-53: Lost braces in \itemize; meant \describe ? checkRd: (-1) selectDecay.Rd:54-55: Lost braces in \itemize; meant \describe ? checkRd: (-1) selectDecay.Rd:63-64: Lost braces in \itemize; \value handles \item{}{} directly checkRd: (-1) selectDecay.Rd:65: Lost braces in \itemize; \value handles \item{}{} directly checkRd: (-1) selectDecay.Rd:66: Lost braces in \itemize; \value handles \item{}{} directly Flavors: r-devel-linux-x86_64-debian-clang, r-devel-linux-x86_64-debian-gcc, r-devel-linux-x86_64-fedora-clang, r-devel-linux-x86_64-fedora-gcc, r-devel-macos-arm64, r-devel-macos-x86_64, r-devel-windows-x86_64, r-patched-linux-x86_64, r-release-linux-x86_64, r-release-macos-arm64, r-release-macos-x86_64, r-release-windows-x86_64

These binaries (installable software) and packages are in development.
They may not be fully stable and should be used with caution. We make no claims about them.