Last updated on 2025-10-24 05:50:38 CEST.
| Flavor | Version | Tinstall | Tcheck | Ttotal | Status | Flags |
|---|---|---|---|---|---|---|
| r-devel-linux-x86_64-debian-clang | 0.3.1 | 1.49 | 24.06 | 25.55 | NOTE | |
| r-devel-linux-x86_64-debian-gcc | 0.3.1 | 1.54 | 19.01 | 20.55 | OK | |
| r-devel-linux-x86_64-fedora-clang | 0.3.1 | 40.10 | OK | |||
| r-devel-linux-x86_64-fedora-gcc | 0.3.1 | 36.67 | OK | |||
| r-devel-windows-x86_64 | 0.3.1 | 4.00 | 43.00 | 47.00 | OK | |
| r-patched-linux-x86_64 | 0.3.1 | 1.99 | 22.14 | 24.13 | OK | |
| r-release-linux-x86_64 | 0.3.1 | 1.74 | 22.67 | 24.41 | OK | |
| r-release-macos-arm64 | 0.3.1 | 2.00 | 23.00 | 25.00 | OK | |
| r-release-macos-x86_64 | 0.3.1 | 2.00 | 28.00 | 30.00 | OK | |
| r-release-windows-x86_64 | 0.3.1 | 3.00 | 44.00 | 47.00 | OK | |
| r-oldrel-macos-arm64 | 0.3.1 | 1.00 | 16.00 | 17.00 | OK | |
| r-oldrel-macos-x86_64 | 0.3.1 | 2.00 | 22.00 | 24.00 | OK | |
| r-oldrel-windows-x86_64 | 0.3.1 | 5.00 | 49.00 | 54.00 | OK |
Version: 0.3.1
Check: HTML version of manual
Result: NOTE
Found the following HTML validation problems:
parameter_definition.html:66:1 (parameter_definition.Rd:20): Warning: missing </ul> before </div>
Flavor: r-devel-linux-x86_64-debian-clang
These binaries (installable software) and packages are in development.
They may not be fully stable and should be used with caution. We make no claims about them.