Last updated on 2025-02-16 10:50:45 CET.
Flavor | Version | Tinstall | Tcheck | Ttotal | Status | Flags |
---|---|---|---|---|---|---|
r-devel-linux-x86_64-debian-clang | 0.1.10 | 35.24 | 961.07 | 996.31 | ERROR | |
r-devel-linux-x86_64-debian-gcc | 0.1.10 | 22.72 | 617.51 | 640.23 | OK | |
r-devel-linux-x86_64-fedora-clang | 0.1.10 | 1667.08 | OK | |||
r-devel-linux-x86_64-fedora-gcc | 0.1.10 | 1520.78 | OK | |||
r-devel-macos-arm64 | 0.1.10 | 400.00 | OK | |||
r-devel-macos-x86_64 | 0.1.10 | 948.00 | OK | |||
r-devel-windows-x86_64 | 0.1.10 | 31.00 | 860.00 | 891.00 | OK | |
r-patched-linux-x86_64 | 0.1.10 | 35.81 | 909.05 | 944.86 | OK | |
r-release-linux-x86_64 | 0.1.10 | 33.01 | 917.56 | 950.57 | OK | |
r-release-macos-arm64 | 0.1.10 | 354.00 | NOTE | |||
r-release-macos-x86_64 | 0.1.10 | 927.00 | NOTE | |||
r-release-windows-x86_64 | 0.1.10 | 31.00 | 867.00 | 898.00 | NOTE | |
r-oldrel-macos-arm64 | 0.1.10 | 491.00 | NOTE | |||
r-oldrel-macos-x86_64 | 0.1.10 | 971.00 | NOTE | |||
r-oldrel-windows-x86_64 | 0.1.10 | 39.00 | 1094.00 | 1133.00 | NOTE |
Version: 0.1.10
Check: tests
Result: ERROR
Running ‘testthat.R’ [8m/11m]
Running the tests in ‘tests/testthat.R’ failed.
Complete output:
> library(testthat)
> library(escalation)
Loading required package: magrittr
Attaching package: 'magrittr'
The following objects are masked from 'package:testthat':
equals, is_less_than, not
>
> test_check("escalation")
[ FAIL 1 | WARN 798 | SKIP 0 | PASS 15722 ]
══ Failed tests ════════════════════════════════════════════════════════════════
── Failure ('test_correlated_patient_sample.R:104:3'): CorrelatedPatientSample works like it should. ──
cor(tox_events, eff_events) is not strictly less than 0. Difference: 0.0492
[ FAIL 1 | WARN 798 | SKIP 0 | PASS 15722 ]
Error: Test failures
Execution halted
Flavor: r-devel-linux-x86_64-debian-clang
Version: 0.1.10
Check: installed package size
Result: NOTE
installed size is 14.1Mb
sub-directories of 1Mb or more:
doc 13.3Mb
Flavors: r-release-macos-arm64, r-release-macos-x86_64, r-release-windows-x86_64, r-oldrel-macos-arm64, r-oldrel-macos-x86_64, r-oldrel-windows-x86_64
These binaries (installable software) and packages are in development.
They may not be fully stable and should be used with caution. We make no claims about them.