Last updated on 2025-11-13 01:50:19 CET.
| Flavor | Version | Tinstall | Tcheck | Ttotal | Status | Flags |
|---|---|---|---|---|---|---|
| r-devel-linux-x86_64-debian-clang | 0.2.3 | 36.81 | 1117.44 | 1154.25 | OK | |
| r-devel-linux-x86_64-debian-gcc | 0.2.3 | 28.65 | 727.61 | 756.26 | OK | |
| r-devel-linux-x86_64-fedora-clang | 0.2.3 | 82.00 | 1814.87 | 1896.87 | OK | |
| r-devel-linux-x86_64-fedora-gcc | 0.2.3 | 87.00 | 1666.88 | 1753.88 | OK | |
| r-devel-windows-x86_64 | 0.2.3 | 35.00 | 1057.00 | 1092.00 | OK | |
| r-patched-linux-x86_64 | 0.2.3 | 38.02 | 1074.70 | 1112.72 | OK | |
| r-release-linux-x86_64 | 0.2.3 | 37.61 | 1076.39 | 1114.00 | OK | |
| r-release-macos-arm64 | 0.2.3 | 11.00 | 414.00 | 425.00 | OK | |
| r-release-macos-x86_64 | 0.2.3 | 30.00 | 948.00 | 978.00 | OK | |
| r-release-windows-x86_64 | 0.2.3 | 33.00 | 1036.00 | 1069.00 | OK | |
| r-oldrel-macos-arm64 | 0.2.3 | 11.00 | 411.00 | 422.00 | NOTE | |
| r-oldrel-macos-x86_64 | 0.2.3 | 29.00 | 1078.00 | 1107.00 | NOTE | |
| r-oldrel-windows-x86_64 | 0.2.3 | 45.00 | 1452.00 | 1497.00 | NOTE |
Version: 0.2.3
Check: installed package size
Result: NOTE
installed size is 16.8Mb
sub-directories of 1Mb or more:
doc 15.9Mb
Flavors: r-oldrel-macos-arm64, r-oldrel-macos-x86_64, r-oldrel-windows-x86_64
These binaries (installable software) and packages are in development.
They may not be fully stable and should be used with caution. We make no claims about them.