Last updated on 2024-07-27 15:50:17 CEST.
Flavor | Version | Tinstall | Tcheck | Ttotal | Status | Flags |
---|---|---|---|---|---|---|
r-devel-linux-x86_64-debian-clang | 0.7.3 | 61.30 | 349.80 | 411.10 | OK | |
r-devel-linux-x86_64-debian-gcc | 0.7.3 | NOTE | ||||
r-devel-linux-x86_64-fedora-clang | 0.7.3 | 562.29 | OK | |||
r-devel-linux-x86_64-fedora-gcc | 0.7.3 | 508.22 | OK | |||
r-devel-windows-x86_64 | 0.7.3 | 55.00 | 244.00 | 299.00 | NOTE | |
r-patched-linux-x86_64 | 0.7.3 | OK | ||||
r-release-linux-x86_64 | 0.7.3 | 66.01 | 321.11 | 387.12 | OK | |
r-release-macos-arm64 | 0.7.3 | 111.00 | OK | |||
r-release-macos-x86_64 | 0.7.3 | 184.00 | OK | |||
r-release-windows-x86_64 | 0.7.3 | 64.00 | 247.00 | 311.00 | OK | |
r-oldrel-macos-arm64 | 0.7.3 | 111.00 | OK | |||
r-oldrel-macos-x86_64 | 0.7.3 | 195.00 | OK | |||
r-oldrel-windows-x86_64 | 0.7.3 | 67.00 | 321.00 | 388.00 | OK |
Version: 0.7.3
Check: Rd cross-references
Result: NOTE
Found the following Rd file(s) with Rd \link{} targets missing package
anchors:
gui_models.Rd: runApp
Please provide package anchors for all Rd \link{} targets not in the
package itself and the base packages.
Flavors: r-devel-linux-x86_64-debian-gcc, r-devel-windows-x86_64
These binaries (installable software) and packages are in development.
They may not be fully stable and should be used with caution. We make no claims about them.