Last updated on 2025-10-23 23:49:28 CEST.
| Flavor | Version | Tinstall | Tcheck | Ttotal | Status | Flags |
|---|---|---|---|---|---|---|
| r-devel-linux-x86_64-debian-clang | 2.0.0 | 4.93 | 44.64 | 49.57 | NOTE | |
| r-devel-linux-x86_64-debian-gcc | 2.0.0 | 3.03 | 33.21 | 36.24 | NOTE | |
| r-devel-linux-x86_64-fedora-clang | 2.0.0 | 12.00 | 65.30 | 77.30 | NOTE | |
| r-devel-linux-x86_64-fedora-gcc | 2.0.0 | 84.21 | NOTE | |||
| r-devel-windows-x86_64 | 2.0.0 | 5.00 | 64.00 | 69.00 | NOTE | |
| r-patched-linux-x86_64 | 2.0.0 | 5.16 | 41.91 | 47.07 | NOTE | |
| r-release-linux-x86_64 | 2.0.0 | 4.10 | 41.46 | 45.56 | NOTE | |
| r-release-macos-arm64 | 2.0.0 | 2.00 | 38.00 | 40.00 | NOTE | |
| r-release-macos-x86_64 | 2.0.0 | 4.00 | 55.00 | 59.00 | NOTE | |
| r-release-windows-x86_64 | 2.0.0 | 8.00 | 66.00 | 74.00 | NOTE | |
| r-oldrel-macos-arm64 | 2.0.0 | 2.00 | 31.00 | 33.00 | OK | |
| r-oldrel-macos-x86_64 | 2.0.0 | 3.00 | 43.00 | 46.00 | OK | |
| r-oldrel-windows-x86_64 | 2.0.0 | 8.00 | 75.00 | 83.00 | OK |
Version: 2.0.0
Check: DESCRIPTION meta-information
Result: NOTE
Missing dependency on R >= 4.1.0 because package code uses the pipe
|> or function shorthand \(...) syntax added in R 4.1.0.
File(s) using such syntax:
‘esem_cfa_syntax.R’
Flavors: r-devel-linux-x86_64-debian-clang, r-devel-linux-x86_64-debian-gcc, r-devel-linux-x86_64-fedora-clang, r-devel-linux-x86_64-fedora-gcc, r-devel-windows-x86_64, r-patched-linux-x86_64, r-release-linux-x86_64, r-release-macos-arm64, r-release-macos-x86_64, r-release-windows-x86_64
These binaries (installable software) and packages are in development.
They may not be fully stable and should be used with caution. We make no claims about them.