Last updated on 2025-02-02 14:48:22 CET.
Flavor | Version | Tinstall | Tcheck | Ttotal | Status | Flags |
---|---|---|---|---|---|---|
r-devel-linux-x86_64-debian-clang | 2.0.0 | 4.48 | 40.82 | 45.30 | NOTE | |
r-devel-linux-x86_64-debian-gcc | 2.0.0 | 3.26 | 30.64 | 33.90 | NOTE | |
r-devel-linux-x86_64-fedora-clang | 2.0.0 | 75.70 | NOTE | |||
r-devel-linux-x86_64-fedora-gcc | 2.0.0 | 87.45 | NOTE | |||
r-devel-windows-x86_64 | 2.0.0 | 7.00 | 67.00 | 74.00 | NOTE | |
r-patched-linux-x86_64 | 2.0.0 | 4.04 | 37.95 | 41.99 | OK | |
r-release-linux-x86_64 | 2.0.0 | 4.24 | 38.57 | 42.81 | OK | |
r-release-macos-arm64 | 2.0.0 | 33.00 | OK | |||
r-release-macos-x86_64 | 2.0.0 | 46.00 | OK | |||
r-release-windows-x86_64 | 2.0.0 | 7.00 | 66.00 | 73.00 | OK | |
r-oldrel-macos-arm64 | 2.0.0 | 28.00 | OK | |||
r-oldrel-macos-x86_64 | 2.0.0 | 66.00 | OK | |||
r-oldrel-windows-x86_64 | 2.0.0 | 7.00 | 70.00 | 77.00 | OK |
Version: 2.0.0
Check: DESCRIPTION meta-information
Result: NOTE
Missing dependency on R >= 4.1.0 because package code uses the pipe
|> or function shorthand \(...) syntax added in R 4.1.0.
File(s) using such syntax:
‘esem_cfa_syntax.R’
Flavors: r-devel-linux-x86_64-debian-clang, r-devel-linux-x86_64-debian-gcc, r-devel-linux-x86_64-fedora-clang, r-devel-linux-x86_64-fedora-gcc, r-devel-windows-x86_64
These binaries (installable software) and packages are in development.
They may not be fully stable and should be used with caution. We make no claims about them.