Last updated on 2025-10-25 01:50:58 CEST.
| Flavor | Version | Tinstall | Tcheck | Ttotal | Status | Flags |
|---|---|---|---|---|---|---|
| r-devel-linux-x86_64-debian-clang | 0.0.3 | 26.57 | 280.46 | 307.03 | OK | |
| r-devel-linux-x86_64-debian-gcc | 0.0.3 | 18.53 | 184.05 | 202.58 | OK | |
| r-devel-linux-x86_64-fedora-clang | 0.0.3 | 82.00 | 421.61 | 503.61 | OK | |
| r-devel-linux-x86_64-fedora-gcc | 0.0.3 | 70.00 | 387.13 | 457.13 | OK | |
| r-devel-windows-x86_64 | 0.0.3 | 27.00 | 216.00 | 243.00 | OK | |
| r-patched-linux-x86_64 | 0.0.3 | 29.17 | 262.74 | 291.91 | OK | |
| r-release-linux-x86_64 | 0.0.3 | 30.81 | 263.29 | 294.10 | OK | |
| r-release-macos-arm64 | 0.0.3 | 11.00 | 85.00 | 96.00 | OK | |
| r-release-macos-x86_64 | 0.0.3 | 26.00 | 197.00 | 223.00 | OK | |
| r-release-windows-x86_64 | 0.0.3 | 28.00 | 217.00 | 245.00 | OK | |
| r-oldrel-macos-arm64 | 0.0.3 | 11.00 | 84.00 | 95.00 | NOTE | |
| r-oldrel-macos-x86_64 | 0.0.3 | 18.00 | 196.00 | 214.00 | NOTE | |
| r-oldrel-windows-x86_64 | 0.0.3 | 38.00 | 315.00 | 353.00 | NOTE |
Version: 0.0.3
Check: LazyData
Result: NOTE
'LazyData' is specified without a 'data' directory
Flavors: r-oldrel-macos-arm64, r-oldrel-macos-x86_64, r-oldrel-windows-x86_64
These binaries (installable software) and packages are in development.
They may not be fully stable and should be used with caution. We make no claims about them.