Last updated on 2025-05-08 04:52:04 CEST.
Flavor | Version | Tinstall | Tcheck | Ttotal | Status | Flags |
---|---|---|---|---|---|---|
r-devel-linux-x86_64-debian-clang | 0.2.0 | 5.62 | 45.80 | 51.42 | NOTE | |
r-devel-linux-x86_64-debian-gcc | 0.2.0 | 4.51 | 32.78 | 37.29 | NOTE | |
r-devel-linux-x86_64-fedora-clang | 0.2.0 | 81.00 | OK | |||
r-devel-linux-x86_64-fedora-gcc | 0.2.0 | 79.52 | OK | |||
r-devel-windows-x86_64 | 0.2.0 | 7.00 | 72.00 | 79.00 | OK | |
r-patched-linux-x86_64 | 0.2.0 | 6.11 | 43.58 | 49.69 | OK | |
r-release-linux-x86_64 | 0.2.0 | 6.25 | 43.21 | 49.46 | OK | |
r-release-macos-arm64 | 0.2.0 | 28.00 | OK | |||
r-release-macos-x86_64 | 0.2.0 | 48.00 | OK | |||
r-release-windows-x86_64 | 0.2.0 | 8.00 | 73.00 | 81.00 | OK | |
r-oldrel-macos-arm64 | 0.2.0 | 25.00 | OK | |||
r-oldrel-macos-x86_64 | 0.2.0 | 57.00 | OK | |||
r-oldrel-windows-x86_64 | 0.2.0 | 10.00 | 83.00 | 93.00 | OK |
Version: 0.2.0
Check: CRAN incoming feasibility
Result: NOTE
Maintainer: ‘Marcel Miché <esmprep@gmail.com>’
No Authors@R field in DESCRIPTION.
Please add one, modifying
Authors@R: person(given = "Marcel",
family = "Miché",
role = c("aut", "cre"),
email = "esmprep@gmail.com")
as necessary.
Flavors: r-devel-linux-x86_64-debian-clang, r-devel-linux-x86_64-debian-gcc
These binaries (installable software) and packages are in development.
They may not be fully stable and should be used with caution. We make no claims about them.