Last updated on 2025-10-31 13:50:49 CET.
| Flavor | Version | Tinstall | Tcheck | Ttotal | Status | Flags | 
|---|---|---|---|---|---|---|
| r-devel-linux-x86_64-debian-clang | 0.2.0 | 6.33 | 48.55 | 54.88 | NOTE | |
| r-devel-linux-x86_64-debian-gcc | 0.2.0 | 4.31 | 34.72 | 39.03 | NOTE | |
| r-devel-linux-x86_64-fedora-clang | 0.2.0 | 15.00 | 67.24 | 82.24 | OK | |
| r-devel-linux-x86_64-fedora-gcc | 0.2.0 | 13.00 | 64.24 | 77.24 | OK | |
| r-devel-windows-x86_64 | 0.2.0 | 8.00 | 70.00 | 78.00 | OK | |
| r-patched-linux-x86_64 | 0.2.0 | 7.03 | 46.00 | 53.03 | OK | |
| r-release-linux-x86_64 | 0.2.0 | 6.04 | 46.72 | 52.76 | OK | |
| r-release-macos-arm64 | 0.2.0 | 3.00 | 25.00 | 28.00 | OK | |
| r-release-macos-x86_64 | 0.2.0 | 5.00 | 43.00 | 48.00 | OK | |
| r-release-windows-x86_64 | 0.2.0 | 8.00 | 73.00 | 81.00 | OK | |
| r-oldrel-macos-arm64 | 0.2.0 | 3.00 | 22.00 | 25.00 | OK | |
| r-oldrel-macos-x86_64 | 0.2.0 | 7.00 | 50.00 | 57.00 | OK | |
| r-oldrel-windows-x86_64 | 0.2.0 | 10.00 | 84.00 | 94.00 | OK | 
Version: 0.2.0
Check: CRAN incoming feasibility
Result: NOTE
  Maintainer: ‘Marcel Miché <esmprep@gmail.com>’
  
  No Authors@R field in DESCRIPTION.
  Please add one, modifying
    Authors@R: person(given = "Marcel",
                      family = "Miché",
                      role = c("aut", "cre"),
                      email = "esmprep@gmail.com")
  as necessary.
Flavors: r-devel-linux-x86_64-debian-clang, r-devel-linux-x86_64-debian-gcc
These binaries (installable software) and packages are in development.
They may not be fully stable and should be used with caution. We make no claims about them.