Last updated on 2025-10-23 17:50:47 CEST.
Flavor | Version | Tinstall | Tcheck | Ttotal | Status | Flags |
---|---|---|---|---|---|---|
r-devel-linux-x86_64-debian-clang | 1.11.1 | 103.75 | 362.31 | 466.06 | OK | |
r-devel-linux-x86_64-debian-gcc | 1.11.1 | 64.66 | 251.04 | 315.70 | OK | |
r-devel-linux-x86_64-fedora-clang | 1.11.1 | 286.00 | 516.25 | 802.25 | OK | |
r-devel-linux-x86_64-fedora-gcc | 1.11.1 | 195.00 | 552.70 | 747.70 | OK | |
r-devel-windows-x86_64 | 1.11.1 | 115.00 | 371.00 | 486.00 | OK | |
r-patched-linux-x86_64 | 1.11.1 | 105.58 | 361.75 | 467.33 | OK | |
r-release-linux-x86_64 | 1.11.1 | 101.69 | 363.32 | 465.01 | OK | |
r-release-macos-arm64 | 1.11.1 | 56.00 | 233.00 | 289.00 | OK | |
r-release-macos-x86_64 | 1.11.1 | 69.00 | 334.00 | 403.00 | OK | |
r-release-windows-x86_64 | 1.11.1 | 113.00 | 366.00 | 479.00 | OK | |
r-oldrel-macos-arm64 | 1.11.1 | 50.00 | 279.00 | 329.00 | NOTE | |
r-oldrel-macos-x86_64 | 1.11.1 | 64.00 | 321.00 | 385.00 | NOTE | |
r-oldrel-windows-x86_64 | 1.11.1 | 132.00 | 471.00 | 603.00 | OK |
Version: 1.11.1
Check: installed package size
Result: NOTE
installed size is 5.6Mb
sub-directories of 1Mb or more:
R 2.1Mb
libs 2.5Mb
Flavors: r-oldrel-macos-arm64, r-oldrel-macos-x86_64
These binaries (installable software) and packages are in development.
They may not be fully stable and should be used with caution. We make no claims about them.