Last updated on 2025-05-08 04:52:04 CEST.
Flavor | Version | Tinstall | Tcheck | Ttotal | Status | Flags |
---|---|---|---|---|---|---|
r-devel-linux-x86_64-debian-clang | 1.11.0 | 108.79 | 374.31 | 483.10 | OK | |
r-devel-linux-x86_64-debian-gcc | 1.11.0 | 73.11 | 274.47 | 347.58 | OK | |
r-devel-linux-x86_64-fedora-clang | 1.11.0 | 878.11 | OK | |||
r-devel-linux-x86_64-fedora-gcc | 1.11.0 | 848.21 | OK | |||
r-devel-windows-x86_64 | 1.11.0 | 110.00 | 383.00 | 493.00 | OK | |
r-patched-linux-x86_64 | 1.11.0 | 104.97 | 356.90 | 461.87 | OK | |
r-release-linux-x86_64 | 1.11.0 | 99.19 | 359.57 | 458.76 | OK | |
r-release-macos-arm64 | 1.11.0 | 177.00 | OK | |||
r-release-macos-x86_64 | 1.11.0 | 376.00 | OK | |||
r-release-windows-x86_64 | 1.11.0 | 123.00 | 395.00 | 518.00 | OK | |
r-oldrel-macos-arm64 | 1.11.0 | 275.00 | NOTE | |||
r-oldrel-macos-x86_64 | 1.11.0 | 471.00 | NOTE | |||
r-oldrel-windows-x86_64 | 1.11.0 | 135.00 | 479.00 | 614.00 | OK |
Version: 1.11.0
Check: installed package size
Result: NOTE
installed size is 5.6Mb
sub-directories of 1Mb or more:
R 2.1Mb
libs 2.5Mb
Flavors: r-oldrel-macos-arm64, r-oldrel-macos-x86_64
These binaries (installable software) and packages are in development.
They may not be fully stable and should be used with caution. We make no claims about them.