Last updated on 2025-05-01 08:52:32 CEST.
Flavor | Version | Tinstall | Tcheck | Ttotal | Status | Flags |
---|---|---|---|---|---|---|
r-devel-linux-x86_64-debian-clang | 0.6.2 | 38.91 | 33.93 | 72.84 | NOTE | |
r-devel-linux-x86_64-debian-gcc | 0.6.2 | 27.73 | 25.36 | 53.09 | OK | |
r-devel-linux-x86_64-fedora-clang | 0.6.2 | 134.08 | OK | |||
r-devel-linux-x86_64-fedora-gcc | 0.6.2 | 124.44 | OK | |||
r-devel-windows-x86_64 | 0.6.2 | 47.00 | 78.00 | 125.00 | OK | |
r-patched-linux-x86_64 | 0.6.2 | 40.05 | 31.35 | 71.40 | OK | |
r-release-linux-x86_64 | OK | |||||
r-release-macos-arm64 | 0.6.2 | 43.00 | OK | |||
r-release-macos-x86_64 | 0.6.2 | 54.00 | OK | |||
r-release-windows-x86_64 | 0.6.2 | 46.00 | 88.00 | 134.00 | OK | |
r-oldrel-macos-arm64 | 0.6.2 | 38.00 | OK | |||
r-oldrel-macos-x86_64 | 0.6.2 | 45.00 | OK | |||
r-oldrel-windows-x86_64 | 0.6.2 | 52.00 | 87.00 | 139.00 | OK |
Version: 0.6.2
Check: examples
Result: NOTE
Examples with CPU (user + system) or elapsed time > 5s
user system elapsed
esreg 5.197 0.194 6.834
Flavor: r-devel-linux-x86_64-debian-clang
These binaries (installable software) and packages are in development.
They may not be fully stable and should be used with caution. We make no claims about them.