CRAN Package Check Results for Package ess

Last updated on 2025-05-01 08:52:32 CEST.

Flavor Version Tinstall Tcheck Ttotal Status Flags
r-devel-linux-x86_64-debian-clang 1.1.2 21.13 51.02 72.15 NOTE
r-devel-linux-x86_64-debian-gcc 1.1.2 16.15 36.77 52.92 NOTE
r-devel-linux-x86_64-fedora-clang 1.1.2 120.31 NOTE
r-devel-linux-x86_64-fedora-gcc 1.1.2 116.32 NOTE
r-devel-windows-x86_64 1.1.2 29.00 91.00 120.00 NOTE
r-patched-linux-x86_64 1.1.2 24.16 48.16 72.32 NOTE
r-release-linux-x86_64 NOTE
r-release-macos-arm64 1.1.2 35.00 NOTE
r-release-macos-x86_64 1.1.2 62.00 NOTE
r-release-windows-x86_64 1.1.2 30.00 99.00 129.00 NOTE
r-oldrel-macos-arm64 1.1.2 36.00 NOTE
r-oldrel-macos-x86_64 1.1.2 46.00 NOTE
r-oldrel-windows-x86_64 1.1.2 31.00 94.00 125.00 NOTE

Check Details

Version: 1.1.2
Check: CRAN incoming feasibility
Result: NOTE Maintainer: ‘Mads Lindskou <mads@math.aau.dk>’ The Description field contains Garofalakis, Michael I Jordan (2013) <arXiv:1301.2267>. The ESS Please refer to arXiv e-prints via their arXiv DOI <doi:10.48550/arXiv.YYMM.NNNNN>. Flavors: r-devel-linux-x86_64-debian-clang, r-devel-linux-x86_64-debian-gcc

Version: 1.1.2
Check: C++ specification
Result: NOTE Specified C++11: please drop specification unless essential Flavors: r-devel-linux-x86_64-debian-clang, r-devel-linux-x86_64-debian-gcc, r-devel-linux-x86_64-fedora-clang, r-devel-linux-x86_64-fedora-gcc, r-devel-windows-x86_64, r-patched-linux-x86_64, r-release-linux-x86_64, r-release-macos-arm64, r-release-macos-x86_64, r-release-windows-x86_64, r-oldrel-macos-arm64, r-oldrel-macos-x86_64, r-oldrel-windows-x86_64

Version: 1.1.2
Check: examples
Result: NOTE Examples with CPU (user + system) or elapsed time > 5s user system elapsed fit_graph 8.484 0.056 11.332 Flavor: r-devel-linux-x86_64-debian-clang

Version: 1.1.2
Check: examples
Result: NA user system elapsed fit_graph 4.464 0.089 6.03 OK Flavor: r-devel-linux-x86_64-debian-gcc

These binaries (installable software) and packages are in development.
They may not be fully stable and should be used with caution. We make no claims about them.