Last updated on 2025-11-12 12:53:09 CET.
| Flavor | Version | Tinstall | Tcheck | Ttotal | Status | Flags |
|---|---|---|---|---|---|---|
| r-devel-linux-x86_64-debian-clang | 1.0.8 | 2.30 | 31.58 | 33.88 | NOTE | |
| r-devel-linux-x86_64-debian-gcc | 1.0.8 | 1.88 | 24.03 | 25.91 | NOTE | |
| r-devel-linux-x86_64-fedora-clang | 1.0.8 | 49.19 | OK | |||
| r-devel-linux-x86_64-fedora-gcc | 1.0.8 | 60.15 | OK | |||
| r-devel-windows-x86_64 | 1.0.8 | 4.00 | 49.00 | 53.00 | OK | |
| r-patched-linux-x86_64 | 1.0.8 | 3.06 | 28.41 | 31.47 | OK | |
| r-release-linux-x86_64 | 1.0.8 | 2.36 | 28.26 | 30.62 | OK | |
| r-release-macos-arm64 | 1.0.8 | 2.00 | 29.00 | 31.00 | OK | |
| r-release-macos-x86_64 | 1.0.8 | 3.00 | 46.00 | 49.00 | OK | |
| r-release-windows-x86_64 | 1.0.8 | 4.00 | 49.00 | 53.00 | OK | |
| r-oldrel-macos-arm64 | 1.0.8 | 1.00 | 26.00 | 27.00 | OK | |
| r-oldrel-macos-x86_64 | 1.0.8 | 2.00 | 39.00 | 41.00 | OK | |
| r-oldrel-windows-x86_64 | 1.0.8 | 7.00 | 58.00 | 65.00 | OK |
Version: 1.0.8
Check: CRAN incoming feasibility
Result: NOTE
Maintainer: ‘Jorge Cimentada <cimentadaj@gmail.com>’
Package CITATION file contains call(s) to old-style citEntry(). Please
use bibentry() instead.
Flavors: r-devel-linux-x86_64-debian-clang, r-devel-linux-x86_64-debian-gcc
These binaries (installable software) and packages are in development.
They may not be fully stable and should be used with caution. We make no claims about them.