Last updated on 2025-11-24 13:49:55 CET.
| Flavor | Version | Tinstall | Tcheck | Ttotal | Status | Flags |
|---|---|---|---|---|---|---|
| r-devel-linux-x86_64-debian-gcc | 1.0-0 | 4.63 | 236.64 | 241.27 | OK | |
| r-devel-linux-x86_64-fedora-clang | 1.0-0 | 11.00 | 441.19 | 452.19 | OK | |
| r-release-linux-x86_64 | 1.0-0 | 4.99 | 372.01 | 377.00 | OK | |
| r-release-macos-arm64 | 1.0-0 | 2.00 | 78.00 | 80.00 | OK | |
| r-release-macos-x86_64 | 1.0-0 | 10.00 | 581.00 | 591.00 | OK | |
| r-oldrel-macos-arm64 | 1.0-0 | 2.00 | 80.00 | 82.00 | OK | |
| r-oldrel-macos-x86_64 | 1.0-0 | 7.00 | 615.00 | 622.00 | OK | |
| r-oldrel-windows-x86_64 | 1.0-0 | 12.00 | 494.00 | 506.00 | ERROR |
Version: 1.0-0
Check: re-building of vignette outputs
Result: ERROR
Error(s) in re-building vignettes:
--- re-building 'functional_metrics.Rmd' using rmarkdown
--- finished re-building 'functional_metrics.Rmd'
--- re-building 'jacobian_metrics.Rmd' using rmarkdown
File figures/jacobian_benchmark.png not found in resource path
Error: processing vignette 'jacobian_metrics.Rmd' failed with diagnostics:
pandoc document conversion failed with error 99
--- failed re-building 'jacobian_metrics.Rmd'
SUMMARY: processing the following file failed:
'jacobian_metrics.Rmd'
Error: Vignette re-building failed.
Execution halted
Flavor: r-oldrel-windows-x86_64
These binaries (installable software) and packages are in development.
They may not be fully stable and should be used with caution. We make no claims about them.