CRAN Package Check Results for Package estatapi

Last updated on 2025-07-02 01:51:36 CEST.

Flavor Version Tinstall Tcheck Ttotal Status Flags
r-devel-linux-x86_64-debian-clang 0.4.0 2.55 28.69 31.24 OK
r-devel-linux-x86_64-debian-gcc 0.4.0 1.79 22.66 24.45 OK
r-devel-linux-x86_64-fedora-clang 0.4.0 47.63 OK
r-devel-linux-x86_64-fedora-gcc 0.4.0 42.21 OK
r-devel-windows-x86_64 0.4.0 5.00 48.00 53.00 OK
r-patched-linux-x86_64 OK
r-release-linux-x86_64 0.4.0 2.40 25.36 27.76 OK
r-release-macos-arm64 0.4.0 20.00 OK
r-release-macos-x86_64 0.4.0 30.00 OK
r-release-windows-x86_64 0.4.0 4.00 49.00 53.00 OK
r-oldrel-macos-arm64 0.4.0 20.00 NOTE
r-oldrel-macos-x86_64 0.4.0 27.00 NOTE
r-oldrel-windows-x86_64 0.4.0 6.00 54.00 60.00 NOTE

Check Details

Version: 0.4.0
Check: LazyData
Result: NOTE 'LazyData' is specified without a 'data' directory Flavors: r-oldrel-macos-arm64, r-oldrel-macos-x86_64, r-oldrel-windows-x86_64

These binaries (installable software) and packages are in development.
They may not be fully stable and should be used with caution. We make no claims about them.