Last updated on 2025-02-16 10:50:45 CET.
Flavor | Version | Tinstall | Tcheck | Ttotal | Status | Flags |
---|---|---|---|---|---|---|
r-devel-linux-x86_64-debian-clang | 1.0.4 | 76.21 | 122.50 | 198.71 | OK | |
r-devel-linux-x86_64-debian-gcc | 1.0.4 | 64.50 | 93.80 | 158.30 | OK | |
r-devel-linux-x86_64-fedora-clang | 1.0.4 | 349.38 | OK | |||
r-devel-linux-x86_64-fedora-gcc | 1.0.4 | 367.40 | OK | |||
r-devel-macos-arm64 | 1.0.4 | 83.00 | OK | |||
r-devel-macos-x86_64 | 1.0.4 | 184.00 | OK | |||
r-devel-windows-x86_64 | 1.0.4 | 74.00 | 145.00 | 219.00 | OK | |
r-patched-linux-x86_64 | 1.0.4 | 86.88 | 125.54 | 212.42 | OK | |
r-release-linux-x86_64 | 1.0.4 | 91.69 | 123.66 | 215.35 | OK | |
r-release-macos-arm64 | 1.0.4 | 98.00 | NOTE | |||
r-release-macos-x86_64 | 1.0.4 | 131.00 | NOTE | |||
r-release-windows-x86_64 | 1.0.4 | 78.00 | 150.00 | 228.00 | OK | |
r-oldrel-macos-arm64 | 1.0.4 | 111.00 | NOTE | |||
r-oldrel-macos-x86_64 | 1.0.4 | 303.00 | NOTE | |||
r-oldrel-windows-x86_64 | 1.0.4 | 104.00 | 213.00 | 317.00 | OK |
Version: 1.0.4
Check: installed package size
Result: NOTE
installed size is 40.0Mb
sub-directories of 1Mb or more:
libs 39.6Mb
Flavors: r-release-macos-arm64, r-release-macos-x86_64, r-oldrel-macos-arm64, r-oldrel-macos-x86_64
These binaries (installable software) and packages are in development.
They may not be fully stable and should be used with caution. We make no claims about them.