CRAN Package Check Results for Package estimraw

Last updated on 2025-11-13 01:50:19 CET.

Flavor Version Tinstall Tcheck Ttotal Status Flags
r-devel-linux-x86_64-debian-clang 1.0.0 4.25 36.75 41.00 OK
r-devel-linux-x86_64-debian-gcc 1.0.0 3.24 27.11 30.35 OK
r-devel-linux-x86_64-fedora-clang 1.0.0 11.00 47.60 58.60 OK
r-devel-linux-x86_64-fedora-gcc 1.0.0 54.75 OK
r-devel-windows-x86_64 1.0.0 7.00 48.00 55.00 OK
r-patched-linux-x86_64 1.0.0 4.66 32.15 36.81 OK
r-release-linux-x86_64 1.0.0 4.16 33.00 37.16 OK
r-release-macos-arm64 1.0.0 2.00 19.00 21.00 OK
r-release-macos-x86_64 1.0.0 4.00 32.00 36.00 OK
r-release-windows-x86_64 1.0.0 6.00 47.00 53.00 OK
r-oldrel-macos-arm64 1.0.0 2.00 17.00 19.00 NOTE
r-oldrel-macos-x86_64 1.0.0 3.00 28.00 31.00 NOTE
r-oldrel-windows-x86_64 1.0.0 7.00 56.00 63.00 NOTE

Check Details

Version: 1.0.0
Check: LazyData
Result: NOTE 'LazyData' is specified without a 'data' directory Flavors: r-oldrel-macos-arm64, r-oldrel-macos-x86_64, r-oldrel-windows-x86_64

These binaries (installable software) and packages are in development.
They may not be fully stable and should be used with caution. We make no claims about them.