Last updated on 2025-05-01 22:49:40 CEST.
Flavor | Version | Tinstall | Tcheck | Ttotal | Status | Flags |
---|---|---|---|---|---|---|
r-devel-linux-x86_64-debian-clang | 1.3.1 | 9.82 | 72.96 | 82.78 | NOTE | |
r-devel-linux-x86_64-debian-gcc | 1.3.1 | 5.81 | 50.35 | 56.16 | NOTE | |
r-devel-linux-x86_64-fedora-clang | 1.3.1 | 116.64 | OK | |||
r-devel-linux-x86_64-fedora-gcc | 1.3.1 | 125.17 | OK | |||
r-devel-windows-x86_64 | 1.3.1 | 11.00 | 86.00 | 97.00 | OK | |
r-patched-linux-x86_64 | 1.3.1 | 8.99 | 67.27 | 76.26 | OK | |
r-release-linux-x86_64 | OK | |||||
r-release-macos-arm64 | 1.3.1 | 68.00 | OK | |||
r-release-macos-x86_64 | 1.3.1 | 82.00 | OK | |||
r-release-windows-x86_64 | 1.3.1 | 11.00 | 97.00 | 108.00 | OK | |
r-oldrel-macos-arm64 | 1.3.1 | 45.00 | OK | |||
r-oldrel-macos-x86_64 | 1.3.1 | 63.00 | OK | |||
r-oldrel-windows-x86_64 | 1.3.1 | 13.00 | 104.00 | 117.00 | OK |
Version: 1.3.1
Check: CRAN incoming feasibility
Result: NOTE
Maintainer: ‘Andreas Schulz <ades-s@web.de>’
No Authors@R field in DESCRIPTION.
Please add one, modifying
Authors@R: person(given = "Andreas",
family = "Schulz",
role = c("aut", "cre"),
email = "ades-s@web.de")
as necessary.
Flavors: r-devel-linux-x86_64-debian-clang, r-devel-linux-x86_64-debian-gcc
These binaries (installable software) and packages are in development.
They may not be fully stable and should be used with caution. We make no claims about them.