Last updated on 2025-05-01 15:49:30 CEST.
Flavor | Version | Tinstall | Tcheck | Ttotal | Status | Flags |
---|---|---|---|---|---|---|
r-devel-linux-x86_64-debian-clang | 0.1.9 | 7.73 | 100.56 | 108.29 | NOTE | |
r-devel-linux-x86_64-debian-gcc | 0.1.9 | 4.87 | 69.92 | 74.79 | OK | |
r-devel-linux-x86_64-fedora-clang | 0.1.9 | 148.40 | OK | |||
r-devel-linux-x86_64-fedora-gcc | 0.1.9 | 154.98 | OK | |||
r-devel-windows-x86_64 | 0.1.9 | 9.00 | 103.00 | 112.00 | OK | |
r-patched-linux-x86_64 | 0.1.9 | 7.57 | 92.73 | 100.30 | OK | |
r-release-linux-x86_64 | OK | |||||
r-release-macos-arm64 | 0.1.9 | 53.00 | OK | |||
r-release-macos-x86_64 | 0.1.9 | 103.00 | OK | |||
r-release-windows-x86_64 | 0.1.9 | 11.00 | 105.00 | 116.00 | OK | |
r-oldrel-macos-arm64 | 0.1.9 | 51.00 | OK | |||
r-oldrel-macos-x86_64 | 0.1.9 | 106.00 | OK | |||
r-oldrel-windows-x86_64 | 0.1.9 | 11.00 | 127.00 | 138.00 | OK |
Version: 0.1.9
Check: examples
Result: NOTE
Examples with CPU (user + system) or elapsed time > 5s
user system elapsed
ethnoChord 4.832 0.084 5.29
Flavor: r-devel-linux-x86_64-debian-clang
These binaries (installable software) and packages are in development.
They may not be fully stable and should be used with caution. We make no claims about them.