Last updated on 2025-07-26 07:50:21 CEST.
Flavor | Version | Tinstall | Tcheck | Ttotal | Status | Flags |
---|---|---|---|---|---|---|
r-devel-linux-x86_64-debian-clang | 0.4.1 | 4.02 | 72.07 | 76.09 | NOTE | |
r-devel-linux-x86_64-debian-gcc | 0.4.2 | 3.05 | 55.33 | 58.38 | OK | |
r-devel-linux-x86_64-fedora-clang | 0.4.2 | 121.52 | OK | |||
r-devel-linux-x86_64-fedora-gcc | 0.4.2 | 142.85 | OK | |||
r-devel-windows-x86_64 | 0.4.1 | 7.00 | 105.00 | 112.00 | NOTE | |
r-patched-linux-x86_64 | 0.4.1 | 4.60 | 65.51 | 70.11 | NOTE | |
r-release-linux-x86_64 | 0.4.1 | 3.87 | 66.99 | 70.86 | NOTE | |
r-release-macos-arm64 | 0.4.1 | 53.00 | OK | |||
r-release-macos-x86_64 | 0.4.2 | 120.00 | OK | |||
r-release-windows-x86_64 | 0.4.2 | 8.00 | 108.00 | 116.00 | OK | |
r-oldrel-macos-arm64 | 0.4.1 | 50.00 | OK | |||
r-oldrel-macos-x86_64 | 0.4.2 | 108.00 | OK | |||
r-oldrel-windows-x86_64 | 0.4.2 | 8.00 | 119.00 | 127.00 | OK |
Version: 0.4.1
Check: Rd cross-references
Result: NOTE
Found the following Rd file(s) with Rd \link{} targets missing package
anchors:
dbWipe.Rd: DBIConnection-class
Please provide package anchors for all Rd \link{} targets not in the
package itself and the base packages.
Flavors: r-devel-linux-x86_64-debian-clang, r-devel-windows-x86_64, r-patched-linux-x86_64, r-release-linux-x86_64
These binaries (installable software) and packages are in development.
They may not be fully stable and should be used with caution. We make no claims about them.