Last updated on 2025-05-01 14:49:09 CEST.
Flavor | Version | Tinstall | Tcheck | Ttotal | Status | Flags |
---|---|---|---|---|---|---|
r-devel-linux-x86_64-debian-clang | 1.0.1 | 7.24 | 72.68 | 79.92 | NOTE | |
r-devel-linux-x86_64-debian-gcc | 1.0.1 | 5.50 | 53.03 | 58.53 | NOTE | |
r-devel-linux-x86_64-fedora-clang | 1.0.1 | 110.88 | OK | |||
r-devel-linux-x86_64-fedora-gcc | 1.0.1 | 119.55 | OK | |||
r-devel-windows-x86_64 | 1.0.1 | 9.00 | 86.00 | 95.00 | OK | |
r-patched-linux-x86_64 | 1.0.1 | 7.59 | 67.73 | 75.32 | OK | |
r-release-linux-x86_64 | OK | |||||
r-release-macos-arm64 | 1.0.1 | 48.00 | OK | |||
r-release-macos-x86_64 | 1.0.1 | 73.00 | OK | |||
r-release-windows-x86_64 | 1.0.1 | 11.00 | 94.00 | 105.00 | OK | |
r-oldrel-macos-arm64 | 1.0.1 | 35.00 | OK | |||
r-oldrel-macos-x86_64 | 1.0.1 | 60.00 | OK | |||
r-oldrel-windows-x86_64 | 1.0.1 | 11.00 | 102.00 | 113.00 | OK |
Version: 1.0.1
Check: CRAN incoming feasibility
Result: NOTE
Maintainer: ‘Anders D. Sleire <sleire@gmail.com>’
No Authors@R field in DESCRIPTION.
Please add one, modifying
Authors@R: person(given = c("Anders", "D."),
family = "Sleire",
role = c("aut", "cre"),
email = "sleire@gmail.com")
as necessary.
Flavors: r-devel-linux-x86_64-debian-clang, r-devel-linux-x86_64-debian-gcc
These binaries (installable software) and packages are in development.
They may not be fully stable and should be used with caution. We make no claims about them.