Last updated on 2025-10-23 23:49:28 CEST.
| Flavor | Version | Tinstall | Tcheck | Ttotal | Status | Flags |
|---|---|---|---|---|---|---|
| r-devel-linux-x86_64-debian-clang | 1.0.1 | 7.39 | 81.57 | 88.96 | NOTE | |
| r-devel-linux-x86_64-debian-gcc | 1.0.1 | 4.76 | 58.31 | 63.07 | NOTE | |
| r-devel-linux-x86_64-fedora-clang | 1.0.1 | 22.00 | 118.17 | 140.17 | OK | |
| r-devel-linux-x86_64-fedora-gcc | 1.0.1 | 16.00 | 126.46 | 142.46 | OK | |
| r-devel-windows-x86_64 | 1.0.1 | 9.00 | 86.00 | 95.00 | OK | |
| r-patched-linux-x86_64 | 1.0.1 | 7.75 | 77.36 | 85.11 | OK | |
| r-release-linux-x86_64 | 1.0.1 | 7.59 | 74.87 | 82.46 | OK | |
| r-release-macos-arm64 | 1.0.1 | 3.00 | 45.00 | 48.00 | OK | |
| r-release-macos-x86_64 | 1.0.1 | 6.00 | 67.00 | 73.00 | OK | |
| r-release-windows-x86_64 | 1.0.1 | 10.00 | 87.00 | 97.00 | OK | |
| r-oldrel-macos-arm64 | 1.0.1 | 3.00 | 32.00 | 35.00 | OK | |
| r-oldrel-macos-x86_64 | 1.0.1 | 5.00 | 55.00 | 60.00 | OK | |
| r-oldrel-windows-x86_64 | 1.0.1 | 13.00 | 110.00 | 123.00 | OK |
Version: 1.0.1
Check: CRAN incoming feasibility
Result: NOTE
Maintainer: ‘Anders D. Sleire <sleire@gmail.com>’
No Authors@R field in DESCRIPTION.
Please add one, modifying
Authors@R: person(given = c("Anders", "D."),
family = "Sleire",
role = c("aut", "cre"),
email = "sleire@gmail.com")
as necessary.
Flavors: r-devel-linux-x86_64-debian-clang, r-devel-linux-x86_64-debian-gcc
These binaries (installable software) and packages are in development.
They may not be fully stable and should be used with caution. We make no claims about them.