Last updated on 2025-05-01 14:49:09 CEST.
Flavor | Version | Tinstall | Tcheck | Ttotal | Status | Flags |
---|---|---|---|---|---|---|
r-devel-linux-x86_64-debian-clang | 1.0.4 | 6.93 | 86.29 | 93.22 | NOTE | |
r-devel-linux-x86_64-debian-gcc | 1.0.4 | 3.69 | 60.96 | 64.65 | OK | |
r-devel-linux-x86_64-fedora-clang | 1.0.4 | 127.74 | OK | |||
r-devel-linux-x86_64-fedora-gcc | 1.0.4 | 133.64 | OK | |||
r-devel-windows-x86_64 | 1.0.4 | 7.00 | 93.00 | 100.00 | OK | |
r-patched-linux-x86_64 | 1.0.4 | 5.74 | 78.87 | 84.61 | OK | |
r-release-linux-x86_64 | OK | |||||
r-release-macos-arm64 | 1.0.4 | 45.00 | OK | |||
r-release-macos-x86_64 | 1.0.4 | 75.00 | OK | |||
r-release-windows-x86_64 | 1.0.4 | 8.00 | 101.00 | 109.00 | OK | |
r-oldrel-macos-arm64 | 1.0.4 | 50.00 | OK | |||
r-oldrel-macos-x86_64 | 1.0.4 | 81.00 | OK | |||
r-oldrel-windows-x86_64 | 1.0.4 | 11.00 | 113.00 | 124.00 | OK |
Version: 1.0.4
Check: examples
Result: NOTE
Examples with CPU (user + system) or elapsed time > 5s
user system elapsed
dot_plot 3.609 0.154 5.139
Flavor: r-devel-linux-x86_64-debian-clang
These binaries (installable software) and packages are in development.
They may not be fully stable and should be used with caution. We make no claims about them.