CRAN Package Check Results for Package eulerr

Last updated on 2025-07-07 01:49:26 CEST.

Flavor Version Tinstall Tcheck Ttotal Status Flags
r-devel-linux-x86_64-debian-clang 7.0.2 92.08 89.61 181.69 OK
r-devel-linux-x86_64-debian-gcc 7.0.2 60.25 65.28 125.53 OK
r-devel-linux-x86_64-fedora-clang 7.0.2 343.21 OK
r-devel-linux-x86_64-fedora-gcc 7.0.2 295.26 OK
r-devel-windows-x86_64 7.0.2 102.00 116.00 218.00 OK
r-patched-linux-x86_64 7.0.2 88.71 84.12 172.83 OK
r-release-linux-x86_64 7.0.2 85.56 82.77 168.33 OK
r-release-macos-arm64 7.0.2 92.00 OK
r-release-macos-x86_64 7.0.2 118.00 OK
r-release-windows-x86_64 7.0.2 102.00 124.00 226.00 OK
r-oldrel-macos-arm64 7.0.2 81.00 NOTE
r-oldrel-macos-x86_64 7.0.2 150.00 NOTE
r-oldrel-windows-x86_64 7.0.2 124.00 147.00 271.00 OK

Check Details

Version: 7.0.2
Check: installed package size
Result: NOTE installed size is 5.7Mb sub-directories of 1Mb or more: doc 1.3Mb libs 3.6Mb Flavors: r-oldrel-macos-arm64, r-oldrel-macos-x86_64

These binaries (installable software) and packages are in development.
They may not be fully stable and should be used with caution. We make no claims about them.