CRAN Package Check Results for Package eurlex

Last updated on 2025-11-11 17:49:57 CET.

Flavor Version Tinstall Tcheck Ttotal Status Flags
r-devel-linux-x86_64-debian-clang 0.4.8 3.01 37.04 40.05 NOTE
r-devel-linux-x86_64-debian-gcc 0.4.8 2.10 28.49 30.59 NOTE
r-devel-linux-x86_64-fedora-clang 0.4.8 57.12 NOTE
r-devel-linux-x86_64-fedora-gcc 0.4.8 68.11 NOTE
r-devel-windows-x86_64 0.4.8 5.00 57.00 62.00 NOTE
r-patched-linux-x86_64 0.4.8 3.21 32.78 35.99 NOTE
r-release-linux-x86_64 0.4.8 3.13 33.15 36.28 NOTE
r-release-macos-arm64 0.4.8 1.00 32.00 33.00 NOTE
r-release-macos-x86_64 0.4.8 3.00 52.00 55.00 NOTE
r-release-windows-x86_64 0.4.8 6.00 57.00 63.00 NOTE
r-oldrel-macos-arm64 0.4.8 2.00 34.00 36.00 OK
r-oldrel-macos-x86_64 0.4.8 3.00 58.00 61.00 OK
r-oldrel-windows-x86_64 0.4.8 6.00 64.00 70.00 OK

Check Details

Version: 0.4.8
Check: DESCRIPTION meta-information
Result: NOTE Missing dependency on R >= 4.1.0 because package code uses the pipe |> or function shorthand \(...) syntax added in R 4.1.0. File(s) using such syntax: ‘elx_run_query.R’ Flavors: r-devel-linux-x86_64-debian-clang, r-devel-linux-x86_64-debian-gcc, r-devel-linux-x86_64-fedora-clang, r-devel-linux-x86_64-fedora-gcc, r-devel-windows-x86_64, r-patched-linux-x86_64, r-release-linux-x86_64, r-release-macos-arm64, r-release-macos-x86_64, r-release-windows-x86_64

These binaries (installable software) and packages are in development.
They may not be fully stable and should be used with caution. We make no claims about them.