Last updated on 2024-07-27 15:50:17 CEST.
Flavor | Version | Tinstall | Tcheck | Ttotal | Status | Flags |
---|---|---|---|---|---|---|
r-devel-linux-x86_64-debian-clang | 1.0.0 | 16.35 | 399.47 | 415.82 | OK | |
r-devel-linux-x86_64-debian-gcc | 1.0.0 | OK | ||||
r-devel-linux-x86_64-fedora-clang | 1.0.0 | 534.73 | NOTE | |||
r-devel-linux-x86_64-fedora-gcc | 1.0.0 | 565.62 | NOTE | |||
r-devel-windows-x86_64 | 1.0.0 | 16.00 | 257.00 | 273.00 | OK | |
r-patched-linux-x86_64 | 1.0.0 | OK | ||||
r-release-linux-x86_64 | 1.0.0 | 10.66 | 406.79 | 417.45 | OK | |
r-release-macos-arm64 | 1.0.0 | 155.00 | OK | |||
r-release-macos-x86_64 | 1.0.0 | 236.00 | OK | |||
r-release-windows-x86_64 | 1.0.0 | 16.00 | 255.00 | 271.00 | OK | |
r-oldrel-macos-arm64 | 1.0.0 | 172.00 | OK | |||
r-oldrel-macos-x86_64 | 1.0.0 | 351.00 | OK | |||
r-oldrel-windows-x86_64 | 1.0.0 | 22.00 | 320.00 | 342.00 | OK |
Version: 1.0.0
Check: dependencies in R code
Result: NOTE
Namespaces in Imports field not imported from:
‘forcats’ ‘rqPen’ ‘utils’
All declared Imports should be used.
Flavors: r-devel-linux-x86_64-fedora-clang, r-devel-linux-x86_64-fedora-gcc
These binaries (installable software) and packages are in development.
They may not be fully stable and should be used with caution. We make no claims about them.