Last updated on 2025-02-19 16:50:48 CET.
Flavor | Version | Tinstall | Tcheck | Ttotal | Status | Flags |
---|---|---|---|---|---|---|
r-devel-linux-x86_64-debian-clang | 1.0.0 | 15.97 | 340.73 | 356.70 | OK | |
r-devel-linux-x86_64-debian-gcc | 1.0.0 | 10.57 | 256.48 | 267.05 | OK | |
r-devel-linux-x86_64-fedora-clang | 1.0.0 | 510.21 | NOTE | |||
r-devel-linux-x86_64-fedora-gcc | 1.0.0 | 565.53 | NOTE | |||
r-devel-macos-arm64 | 1.0.0 | 170.00 | OK | |||
r-devel-macos-x86_64 | 1.0.0 | 388.00 | OK | |||
r-devel-windows-x86_64 | 1.0.0 | 16.00 | 256.00 | 272.00 | OK | |
r-patched-linux-x86_64 | 1.0.0 | 15.13 | 331.07 | 346.20 | OK | |
r-release-linux-x86_64 | 1.0.0 | 12.96 | 330.45 | 343.41 | OK | |
r-release-macos-arm64 | 1.0.0 | 155.00 | OK | |||
r-release-macos-x86_64 | 1.0.0 | 236.00 | OK | |||
r-release-windows-x86_64 | 1.0.0 | 15.00 | 264.00 | 279.00 | OK | |
r-oldrel-macos-arm64 | 1.0.0 | 172.00 | OK | |||
r-oldrel-macos-x86_64 | 1.0.0 | 351.00 | OK | |||
r-oldrel-windows-x86_64 | 1.0.0 | 22.00 | 318.00 | 340.00 | OK |
Version: 1.0.0
Check: dependencies in R code
Result: NOTE
Namespaces in Imports field not imported from:
‘forcats’ ‘rqPen’ ‘utils’
All declared Imports should be used.
Flavors: r-devel-linux-x86_64-fedora-clang, r-devel-linux-x86_64-fedora-gcc
These binaries (installable software) and packages are in development.
They may not be fully stable and should be used with caution. We make no claims about them.