Last updated on 2025-05-01 08:52:32 CEST.
Flavor | Version | Tinstall | Tcheck | Ttotal | Status | Flags |
---|---|---|---|---|---|---|
r-devel-linux-x86_64-debian-clang | 2.0.3 | 13.31 | 546.74 | 560.05 | NOTE | |
r-devel-linux-x86_64-debian-gcc | 2.0.3 | 7.37 | 368.94 | 376.31 | NOTE | |
r-devel-linux-x86_64-fedora-clang | 2.0.3 | 875.76 | OK | |||
r-devel-linux-x86_64-fedora-gcc | 2.0.3 | 986.88 | OK | |||
r-devel-windows-x86_64 | 2.0.3 | 12.00 | 567.00 | 579.00 | OK | |
r-patched-linux-x86_64 | 2.0.3 | 12.95 | 539.64 | 552.59 | OK | |
r-release-linux-x86_64 | OK | |||||
r-release-macos-arm64 | 2.0.3 | 311.00 | OK | |||
r-release-macos-x86_64 | 2.0.3 | 775.00 | OK | |||
r-release-windows-x86_64 | 2.0.3 | 12.00 | 580.00 | 592.00 | OK | |
r-oldrel-macos-arm64 | 2.0.3 | 288.00 | OK | |||
r-oldrel-macos-x86_64 | 2.0.3 | 445.00 | OK | |||
r-oldrel-windows-x86_64 | 2.0.3 | 15.00 | 792.00 | 807.00 | OK |
Version: 2.0.3
Check: CRAN incoming feasibility
Result: NOTE
Maintainer: ‘Thierry Denoeux <tdenoeux@utc.fr>’
No Authors@R field in DESCRIPTION.
Please add one, modifying
Authors@R: person(given = "Thierry",
family = "Denoeux",
role = c("aut", "cre"),
email = "tdenoeux@utc.fr")
as necessary.
Flavors: r-devel-linux-x86_64-debian-clang, r-devel-linux-x86_64-debian-gcc
Version: 2.0.3
Check: examples
Result: NOTE
Examples with CPU (user + system) or elapsed time > 5s
user system elapsed
createPairs 5.191 0.041 7.047
Flavor: r-devel-linux-x86_64-debian-clang
These binaries (installable software) and packages are in development.
They may not be fully stable and should be used with caution. We make no claims about them.