Last updated on 2025-07-02 01:51:36 CEST.
Flavor | Version | Tinstall | Tcheck | Ttotal | Status | Flags |
---|---|---|---|---|---|---|
r-devel-linux-x86_64-debian-clang | 2.3-7.1 | 16.37 | 83.42 | 99.79 | NOTE | |
r-devel-linux-x86_64-debian-gcc | 2.3-7.1 | 12.13 | 58.41 | 70.54 | NOTE | |
r-devel-linux-x86_64-fedora-clang | 2.3-7.1 | 157.35 | OK | |||
r-devel-linux-x86_64-fedora-gcc | 2.3-7.1 | 166.66 | OK | |||
r-devel-windows-x86_64 | 2.3-7.1 | 23.00 | 116.00 | 139.00 | OK | |
r-patched-linux-x86_64 | OK | |||||
r-release-linux-x86_64 | 2.3-7.1 | 16.67 | 77.67 | 94.34 | OK | |
r-release-macos-arm64 | 2.3-7.1 | 42.00 | OK | |||
r-release-macos-x86_64 | 2.3-7.1 | 89.00 | OK | |||
r-release-windows-x86_64 | 2.3-7.1 | 21.00 | 116.00 | 137.00 | OK | |
r-oldrel-macos-arm64 | 2.3-7.1 | 45.00 | OK | |||
r-oldrel-macos-x86_64 | 2.3-7.1 | 151.00 | OK | |||
r-oldrel-windows-x86_64 | 2.3-7.1 | 27.00 | 130.00 | 157.00 | OK |
Version: 2.3-7.1
Check: CRAN incoming feasibility
Result: NOTE
Maintainer: ‘Alec Stephenson <alec_stephenson@hotmail.com>’
No Authors@R field in DESCRIPTION.
Please add one, modifying
Authors@R: c(person(given = c("Alec", "Stephenson.", "Function", "fbvpot", "by", "Chris"),
family = "Ferro.",
role = "aut"),
person(given = "Alec",
family = "Stephenson",
role = "cre",
email = "alec_stephenson@hotmail.com"))
as necessary.
Flavors: r-devel-linux-x86_64-debian-clang, r-devel-linux-x86_64-debian-gcc
These binaries (installable software) and packages are in development.
They may not be fully stable and should be used with caution. We make no claims about them.