Last updated on 2025-10-23 23:49:28 CEST.
| Flavor | Version | Tinstall | Tcheck | Ttotal | Status | Flags |
|---|---|---|---|---|---|---|
| r-devel-linux-x86_64-debian-clang | 1.1.1 | 6.48 | 39.85 | 46.33 | NOTE | |
| r-devel-linux-x86_64-debian-gcc | 1.1.1 | 5.04 | 29.04 | 34.08 | NOTE | |
| r-devel-linux-x86_64-fedora-clang | 1.1.1 | 17.00 | 52.78 | 69.78 | NOTE | |
| r-devel-linux-x86_64-fedora-gcc | 1.1.1 | 16.00 | 49.69 | 65.69 | NOTE | |
| r-devel-windows-x86_64 | 1.1.1 | 9.00 | 67.00 | 76.00 | NOTE | |
| r-patched-linux-x86_64 | 1.1.1 | 7.21 | 36.77 | 43.98 | NOTE | |
| r-release-linux-x86_64 | 1.1.1 | 6.12 | 36.49 | 42.61 | NOTE | |
| r-release-macos-arm64 | 1.1.1 | 4.00 | 20.00 | 24.00 | NOTE | |
| r-release-macos-x86_64 | 1.1.1 | 7.00 | 37.00 | 44.00 | NOTE | |
| r-release-windows-x86_64 | 1.1.1 | 10.00 | 74.00 | 84.00 | NOTE | |
| r-oldrel-macos-arm64 | 1.1.1 | 3.00 | 19.00 | 22.00 | NOTE | |
| r-oldrel-macos-x86_64 | 1.1.1 | 5.00 | 31.00 | 36.00 | NOTE | |
| r-oldrel-windows-x86_64 | 1.1.1 | 10.00 | 67.00 | 77.00 | NOTE |
Version: 1.1.1
Check: package subdirectories
Result: NOTE
Problems with news in ‘NEWS.md’:
No news entries found.
Flavors: r-devel-linux-x86_64-debian-clang, r-devel-linux-x86_64-debian-gcc, r-devel-linux-x86_64-fedora-clang, r-devel-linux-x86_64-fedora-gcc, r-devel-windows-x86_64, r-patched-linux-x86_64, r-release-linux-x86_64, r-release-macos-arm64, r-release-macos-x86_64, r-release-windows-x86_64, r-oldrel-macos-arm64, r-oldrel-macos-x86_64, r-oldrel-windows-x86_64
Version: 1.1.1
Check: LazyData
Result: NOTE
'LazyData' is specified without a 'data' directory
Flavors: r-oldrel-macos-arm64, r-oldrel-macos-x86_64, r-oldrel-windows-x86_64
These binaries (installable software) and packages are in development.
They may not be fully stable and should be used with caution. We make no claims about them.