Last updated on 2025-07-26 21:49:51 CEST.
Flavor | Version | Tinstall | Tcheck | Ttotal | Status | Flags |
---|---|---|---|---|---|---|
r-devel-linux-x86_64-debian-clang | 1.1.1 | 6.63 | 38.04 | 44.67 | NOTE | |
r-devel-linux-x86_64-debian-gcc | 1.1.1 | 4.78 | 27.77 | 32.55 | NOTE | |
r-devel-linux-x86_64-fedora-clang | 1.1.1 | 67.34 | NOTE | |||
r-devel-linux-x86_64-fedora-gcc | 1.1.1 | 68.47 | NOTE | |||
r-devel-windows-x86_64 | 1.1.1 | 9.00 | 68.00 | 77.00 | NOTE | |
r-patched-linux-x86_64 | 1.1.1 | 6.36 | 34.74 | 41.10 | NOTE | |
r-release-linux-x86_64 | 1.1.1 | 5.55 | 34.85 | 40.40 | NOTE | |
r-release-macos-arm64 | 1.1.1 | 24.00 | NOTE | |||
r-release-macos-x86_64 | 1.1.1 | 44.00 | NOTE | |||
r-release-windows-x86_64 | 1.1.1 | 10.00 | 74.00 | 84.00 | NOTE | |
r-oldrel-macos-arm64 | 1.1.1 | 22.00 | NOTE | |||
r-oldrel-macos-x86_64 | 1.1.1 | 36.00 | NOTE | |||
r-oldrel-windows-x86_64 | 1.1.1 | 10.00 | 67.00 | 77.00 | NOTE |
Version: 1.1.1
Check: package subdirectories
Result: NOTE
Problems with news in ‘NEWS.md’:
No news entries found.
Flavors: r-devel-linux-x86_64-debian-clang, r-devel-linux-x86_64-debian-gcc, r-devel-linux-x86_64-fedora-clang, r-devel-linux-x86_64-fedora-gcc, r-devel-windows-x86_64, r-patched-linux-x86_64, r-release-linux-x86_64, r-release-macos-arm64, r-release-macos-x86_64, r-release-windows-x86_64, r-oldrel-macos-arm64, r-oldrel-macos-x86_64, r-oldrel-windows-x86_64
Version: 1.1.1
Check: LazyData
Result: NOTE
'LazyData' is specified without a 'data' directory
Flavors: r-oldrel-macos-arm64, r-oldrel-macos-x86_64, r-oldrel-windows-x86_64
These binaries (installable software) and packages are in development.
They may not be fully stable and should be used with caution. We make no claims about them.