CRAN Package Check Results for Package eventInterval

Last updated on 2025-05-01 14:49:09 CEST.

Flavor Version Tinstall Tcheck Ttotal Status Flags
r-devel-linux-x86_64-debian-clang 1.3 1.80 22.03 23.83 NOTE
r-devel-linux-x86_64-debian-gcc 1.3 1.22 18.40 19.62 NOTE
r-devel-linux-x86_64-fedora-clang 1.3 36.23 OK
r-devel-linux-x86_64-fedora-gcc 1.3 34.36 OK
r-devel-windows-x86_64 1.3 3.00 56.00 59.00 OK
r-patched-linux-x86_64 1.3 1.63 21.02 22.65 OK
r-release-linux-x86_64 OK
r-release-macos-arm64 1.3 17.00 OK
r-release-macos-x86_64 1.3 28.00 OK
r-release-windows-x86_64 1.3 2.00 57.00 59.00 OK
r-oldrel-macos-arm64 1.3 16.00 OK
r-oldrel-macos-x86_64 1.3 25.00 OK
r-oldrel-windows-x86_64 1.3 3.00 48.00 51.00 OK

Check Details

Version: 1.3
Check: CRAN incoming feasibility
Result: NOTE Maintainer: ‘Jim Lemon <drjimlemon@gmail.com>’ No Authors@R field in DESCRIPTION. Please add one, modifying Authors@R: c(person(given = "Jim", family = "Lemon,", role = "aut", email = "drjimlemon@gmail.com"), person(given = "Jim", family = "Lemon", role = "cre", email = "drjimlemon@gmail.com")) as necessary. Flavors: r-devel-linux-x86_64-debian-clang, r-devel-linux-x86_64-debian-gcc

These binaries (installable software) and packages are in development.
They may not be fully stable and should be used with caution. We make no claims about them.