CRAN Package Check Results for Package eventdataR

Last updated on 2025-10-03 13:49:32 CEST.

Flavor Version Tinstall Tcheck Ttotal Status Flags
r-devel-linux-x86_64-debian-clang 0.3.1 7.68 29.17 36.85 NOTE
r-devel-linux-x86_64-debian-gcc 0.3.1 5.95 22.13 28.08 NOTE
r-devel-linux-x86_64-fedora-clang 0.3.1 59.37 OK
r-devel-linux-x86_64-fedora-gcc 0.3.1 69.94 OK
r-devel-windows-x86_64 0.3.1 9.00 47.00 56.00 OK
r-patched-linux-x86_64 0.3.1 8.34 28.04 36.38 OK
r-release-linux-x86_64 0.3.1 7.89 27.78 35.67 OK
r-release-macos-arm64 0.3.1 30.00 OK
r-release-macos-x86_64 0.3.1 52.00 OK
r-release-windows-x86_64 0.3.1 9.00 49.00 58.00 OK
r-oldrel-macos-arm64 0.3.1 35.00 OK
r-oldrel-macos-x86_64 0.3.1 40.00 OK
r-oldrel-windows-x86_64 0.3.1 11.00 56.00 67.00 OK

Check Details

Version: 0.3.1
Check: CRAN incoming feasibility
Result: NOTE Maintainer: ‘Gert Janssenswillen <gert.janssenswillen@uhasselt.be>’ The BugReports field in DESCRIPTION has https://github.com/bupaverse/eventdataR/ which should likely be https://github.com/bupaverse/eventdataR/issues instead. Flavors: r-devel-linux-x86_64-debian-clang, r-devel-linux-x86_64-debian-gcc

These binaries (installable software) and packages are in development.
They may not be fully stable and should be used with caution. We make no claims about them.