CRAN Package Check Results for Package evgam

Last updated on 2025-10-03 15:49:49 CEST.

Flavor Version Tinstall Tcheck Ttotal Status Flags
r-devel-linux-x86_64-debian-clang 1.0.1 136.45 58.83 195.28 OK
r-devel-linux-x86_64-debian-gcc 1.0.1 86.39 43.61 130.00 OK
r-devel-linux-x86_64-fedora-clang 1.0.1 411.24 OK
r-devel-linux-x86_64-fedora-gcc 1.0.1 346.99 OK
r-devel-windows-x86_64 1.0.1 152.00 101.00 253.00 OK
r-patched-linux-x86_64 1.0.1 144.48 55.25 199.73 OK
r-release-linux-x86_64 1.0.1 137.34 54.54 191.88 OK
r-release-macos-arm64 1.0.1 74.00 OK
r-release-macos-x86_64 1.0.1 113.00 OK
r-release-windows-x86_64 1.0.1 160.00 93.00 253.00 OK
r-oldrel-macos-arm64 1.0.1 78.00 NOTE
r-oldrel-macos-x86_64 1.0.1 105.00 NOTE
r-oldrel-windows-x86_64 1.0.1 187.00 117.00 304.00 OK

Check Details

Version: 1.0.1
Check: installed package size
Result: NOTE installed size is 7.5Mb sub-directories of 1Mb or more: libs 6.6Mb Flavors: r-oldrel-macos-arm64, r-oldrel-macos-x86_64

These binaries (installable software) and packages are in development.
They may not be fully stable and should be used with caution. We make no claims about them.