CRAN Package Check Results for Package evident

Last updated on 2025-05-01 14:49:09 CEST.

Flavor Version Tinstall Tcheck Ttotal Status Flags
r-devel-linux-x86_64-debian-clang 1.0.4 1.07 19.05 20.12 NOTE
r-devel-linux-x86_64-debian-gcc 1.0.4 1.12 14.80 15.92 NOTE
r-devel-linux-x86_64-fedora-clang 1.0.4 34.94 OK
r-devel-linux-x86_64-fedora-gcc 1.0.4 32.03 OK
r-devel-windows-x86_64 1.0.4 3.00 46.00 49.00 OK
r-patched-linux-x86_64 1.0.4 1.91 18.59 20.50 OK
r-release-linux-x86_64 OK
r-release-macos-arm64 1.0.4 17.00 OK
r-release-macos-x86_64 1.0.4 24.00 OK
r-release-windows-x86_64 1.0.4 3.00 48.00 51.00 OK
r-oldrel-macos-arm64 1.0.4 15.00 OK
r-oldrel-macos-x86_64 1.0.4 31.00 OK
r-oldrel-windows-x86_64 1.0.4 3.00 44.00 47.00 OK

Check Details

Version: 1.0.4
Check: CRAN incoming feasibility
Result: NOTE Maintainer: ‘Paul R. Rosenbaum <rosenbaum@wharton.upenn.edu>’ No Authors@R field in DESCRIPTION. Please add one, modifying Authors@R: person(given = c("Paul", "R."), family = "Rosenbaum", role = c("aut", "cre"), email = "rosenbaum@wharton.upenn.edu") as necessary. Flavors: r-devel-linux-x86_64-debian-clang, r-devel-linux-x86_64-debian-gcc

These binaries (installable software) and packages are in development.
They may not be fully stable and should be used with caution. We make no claims about them.