CRAN Package Check Results for Package evident

Last updated on 2025-11-16 05:48:36 CET.

Flavor Version Tinstall Tcheck Ttotal Status Flags
r-devel-linux-x86_64-debian-clang 1.0.4 1.36 21.15 22.51 NOTE
r-devel-linux-x86_64-debian-gcc 1.0.4 1.22 16.80 18.02 NOTE
r-devel-linux-x86_64-fedora-clang 1.0.4 34.62 OK
r-devel-linux-x86_64-fedora-gcc 1.0.4 33.53 OK
r-devel-windows-x86_64 1.0.4 5.00 41.00 46.00 OK
r-patched-linux-x86_64 1.0.4 1.68 19.77 21.45 OK
r-release-linux-x86_64 1.0.4 1.46 19.80 21.26 OK
r-release-macos-arm64 1.0.4 1.00 16.00 17.00 OK
r-release-macos-x86_64 1.0.4 2.00 22.00 24.00 OK
r-release-windows-x86_64 1.0.4 3.00 40.00 43.00 OK
r-oldrel-macos-arm64 1.0.4 1.00 14.00 15.00 OK
r-oldrel-macos-x86_64 1.0.4 2.00 29.00 31.00 OK
r-oldrel-windows-x86_64 1.0.4 3.00 45.00 48.00 OK

Check Details

Version: 1.0.4
Check: CRAN incoming feasibility
Result: NOTE Maintainer: ‘Paul R. Rosenbaum <rosenbaum@wharton.upenn.edu>’ No Authors@R field in DESCRIPTION. Please add one, modifying Authors@R: person(given = c("Paul", "R."), family = "Rosenbaum", role = c("aut", "cre"), email = "rosenbaum@wharton.upenn.edu") as necessary. Flavors: r-devel-linux-x86_64-debian-clang, r-devel-linux-x86_64-debian-gcc

These binaries (installable software) and packages are in development.
They may not be fully stable and should be used with caution. We make no claims about them.