Last updated on 2025-05-28 21:50:04 CEST.
Flavor | Version | Tinstall | Tcheck | Ttotal | Status | Flags |
---|---|---|---|---|---|---|
r-devel-linux-x86_64-debian-clang | 2.0.0 | 9.72 | 87.14 | 96.86 | NOTE | |
r-devel-linux-x86_64-debian-gcc | 2.0.0 | 6.80 | 63.69 | 70.49 | NOTE | |
r-devel-linux-x86_64-fedora-clang | 2.0.0 | 150.07 | OK | |||
r-devel-linux-x86_64-fedora-gcc | 2.0.0 | 159.28 | OK | |||
r-devel-windows-x86_64 | 2.0.0 | 11.00 | 100.00 | 111.00 | NOTE | |
r-patched-linux-x86_64 | 2.0.0 | 8.28 | 83.82 | 92.10 | NOTE | |
r-release-linux-x86_64 | 2.0.0 | 9.08 | 84.83 | 93.91 | NOTE | |
r-release-macos-arm64 | 2.0.0 | 59.00 | OK | |||
r-release-macos-x86_64 | 2.0.0 | 108.00 | OK | |||
r-release-windows-x86_64 | 2.0.0 | 11.00 | 105.00 | 116.00 | NOTE | |
r-oldrel-macos-arm64 | 2.0.0 | 46.00 | OK | |||
r-oldrel-macos-x86_64 | 2.0.0 | 73.00 | OK | |||
r-oldrel-windows-x86_64 | 2.0.0 | 15.00 | 125.00 | 140.00 | OK |
Version: 2.0.0
Check: CRAN incoming feasibility
Result: NOTE
Maintainer: ‘Geir H. Bolstad <geir.bolstad@nina.no>’
Package CITATION file contains call(s) to old-style personList() or
as.personList(). Please use c() on person objects instead.
Package CITATION file contains call(s) to old-style citEntry(). Please
use bibentry() instead.
Flavors: r-devel-linux-x86_64-debian-clang, r-devel-linux-x86_64-debian-gcc
Version: 2.0.0
Check: Rd cross-references
Result: NOTE
Found the following Rd file(s) with Rd \link{} targets missing package
anchors:
Almer.Rd: lme4, lmer, merMod
Almer_SE.Rd: lmer, merMod
Almer_sim.Rd: simulate.merMod
rate_gls.Rd: phylo
simulate_rate.Rd: phylo
Please provide package anchors for all Rd \link{} targets not in the
package itself and the base packages.
Flavors: r-devel-linux-x86_64-debian-clang, r-devel-linux-x86_64-debian-gcc, r-devel-windows-x86_64, r-patched-linux-x86_64, r-release-linux-x86_64, r-release-windows-x86_64
These binaries (installable software) and packages are in development.
They may not be fully stable and should be used with caution. We make no claims about them.