Last updated on 2025-10-23 21:51:26 CEST.
Flavor | Version | Tinstall | Tcheck | Ttotal | Status | Flags |
---|---|---|---|---|---|---|
r-devel-linux-x86_64-debian-clang | 2.0.1 | 8.01 | 92.41 | 100.42 | OK | |
r-devel-linux-x86_64-debian-gcc | 2.0.1 | 6.56 | 68.70 | 75.26 | NOTE | |
r-devel-linux-x86_64-fedora-clang | 2.0.1 | 18.00 | 139.63 | 157.63 | OK | |
r-devel-linux-x86_64-fedora-gcc | 2.0.1 | 19.00 | 140.40 | 159.40 | OK | |
r-devel-windows-x86_64 | 2.0.1 | 10.00 | 106.00 | 116.00 | OK | |
r-patched-linux-x86_64 | 2.0.1 | 9.87 | 88.27 | 98.14 | OK | |
r-release-linux-x86_64 | 2.0.1 | 8.43 | 88.16 | 96.59 | OK | |
r-release-macos-arm64 | 2.0.1 | 6.00 | 94.00 | 100.00 | OK | |
r-release-macos-x86_64 | 2.0.1 | 7.00 | 86.00 | 93.00 | OK | |
r-release-windows-x86_64 | 2.0.1 | 11.00 | 107.00 | 118.00 | OK | |
r-oldrel-macos-arm64 | 2.0.1 | 4.00 | 51.00 | 55.00 | OK | |
r-oldrel-macos-x86_64 | 2.0.1 | 7.00 | 102.00 | 109.00 | OK | |
r-oldrel-windows-x86_64 | 2.0.1 | 12.00 | 129.00 | 141.00 | OK |
Version: 2.0.1
Check: Rd files
Result: NOTE
checkRd: (-1) evolvabilityBeta.Rd:21-29: Only 6 columns allowed in this table (row 1 has 5)
checkRd: (-1) evolvabilityBeta.Rd:21-29: Only 6 columns allowed in this table (row 2 has 5)
checkRd: (-1) evolvabilityBeta.Rd:21-29: Only 6 columns allowed in this table (row 3 has 5)
checkRd: (-1) evolvabilityBeta.Rd:21-29: Only 6 columns allowed in this table (row 4 has 5)
checkRd: (-1) evolvabilityBeta.Rd:21-29: Only 6 columns allowed in this table (row 5 has 5)
checkRd: (-1) evolvabilityBeta.Rd:21-29: Only 6 columns allowed in this table (row 6 has 5)
checkRd: (-1) evolvabilityBetaMCMC.Rd:27-42: Only 6 columns allowed in this table (row 1 has 5)
checkRd: (-1) evolvabilityBetaMCMC.Rd:27-42: Only 6 columns allowed in this table (row 2 has 5)
checkRd: (-1) evolvabilityBetaMCMC.Rd:27-42: Only 6 columns allowed in this table (row 3 has 5)
checkRd: (-1) evolvabilityBetaMCMC.Rd:27-42: Only 6 columns allowed in this table (row 4 has 5)
checkRd: (-1) evolvabilityBetaMCMC.Rd:27-42: Only 6 columns allowed in this table (row 5 has 5)
checkRd: (-1) evolvabilityBetaMCMC.Rd:27-42: Only 6 columns allowed in this table (row 6 has 5)
checkRd: (-1) evolvabilityBetaMCMC.Rd:27-42: Only 6 columns allowed in this table (row 7 has 5)
checkRd: (-1) evolvabilityBetaMCMC.Rd:27-42: Only 6 columns allowed in this table (row 8 has 5)
checkRd: (-1) evolvabilityBetaMCMC2.Rd:23-30: Only 6 columns allowed in this table (row 1 has 5)
checkRd: (-1) evolvabilityBetaMCMC2.Rd:23-30: Only 6 columns allowed in this table (row 2 has 5)
checkRd: (-1) evolvabilityBetaMCMC2.Rd:23-30: Only 6 columns allowed in this table (row 3 has 5)
checkRd: (-1) evolvabilityMeans.Rd:16-24: Only 6 columns allowed in this table (row 1 has 5)
checkRd: (-1) evolvabilityMeans.Rd:16-24: Only 6 columns allowed in this table (row 2 has 5)
checkRd: (-1) evolvabilityMeans.Rd:16-24: Only 6 columns allowed in this table (row 3 has 5)
checkRd: (-1) evolvabilityMeans.Rd:16-24: Only 6 columns allowed in this table (row 4 has 5)
checkRd: (-1) evolvabilityMeans.Rd:16-24: Only 6 columns allowed in this table (row 5 has 5)
checkRd: (-1) evolvabilityMeans.Rd:16-24: Only 6 columns allowed in this table (row 6 has 5)
checkRd: (-1) evolvabilityMeans.Rd:16-24: Only 6 columns allowed in this table (row 7 has 5)
checkRd: (-1) evolvabilityMeansMCMC.Rd:21-26: Only 6 columns allowed in this table (row 1 has 5)
checkRd: (-1) evolvabilityMeansMCMC.Rd:21-26: Only 6 columns allowed in this table (row 2 has 5)
checkRd: (-1) rate_gls.Rd:61-88: Only 6 columns allowed in this table (row 1 has 5)
checkRd: (-1) rate_gls.Rd:61-88: Only 6 columns allowed in this table (row 2 has 5)
checkRd: (-1) rate_gls.Rd:61-88: Only 6 columns allowed in this table (row 3 has 5)
checkRd: (-1) rate_gls.Rd:61-88: Only 6 columns allowed in this table (row 4 has 5)
checkRd: (-1) rate_gls.Rd:61-88: Only 6 columns allowed in this table (row 5 has 5)
checkRd: (-1) rate_gls.Rd:61-88: Only 6 columns allowed in this table (row 6 has 5)
checkRd: (-1) rate_gls.Rd:61-88: Only 6 columns allowed in this table (row 7 has 5)
checkRd: (-1) rate_gls.Rd:61-88: Only 6 columns allowed in this table (row 8 has 5)
checkRd: (-1) rate_gls.Rd:61-88: Only 6 columns allowed in this table (row 9 has 5)
checkRd: (-1) rate_gls.Rd:61-88: Only 6 columns allowed in this table (row 10 has 5)
checkRd: (-1) rate_gls.Rd:61-88: Only 6 columns allowed in this table (row 11 has 5)
checkRd: (-1) rate_gls.Rd:61-88: Only 6 columns allowed in this table (row 12 has 5)
checkRd: (-1) rate_gls.Rd:61-88: Only 6 columns allowed in this table (row 13 has 5)
checkRd: (-1) rate_gls_sim.Rd:16-21: Only 6 columns allowed in this table (row 1 has 5)
checkRd: (-1) rate_gls_sim.Rd:16-21: Only 6 columns allowed in this table (row 2 has 5)
checkRd: (-1) rate_gls_sim.Rd:16-21: Only 6 columns allowed in this table (row 3 has 5)
checkRd: (-1) responsediffBeta.Rd:26-29: Only 6 columns allowed in this table (row 1 has 5)
checkRd: (-1) responsediffBeta.Rd:26-29: Only 6 columns allowed in this table (row 2 has 5)
checkRd: (-1) simulate_rate.Rd:43-48: Only 6 columns allowed in this table (row 1 has 5)
checkRd: (-1) simulate_rate.Rd:43-48: Only 6 columns allowed in this table (row 2 has 5)
checkRd: (-1) simulate_rate.Rd:43-48: Only 6 columns allowed in this table (row 3 has 5)
checkRd: (-1) summary.evolvabilityBeta.Rd:16-23: Only 6 columns allowed in this table (row 1 has 5)
checkRd: (-1) summary.evolvabilityBeta.Rd:16-23: Only 6 columns allowed in this table (row 2 has 5)
checkRd: (-1) summary.evolvabilityBeta.Rd:16-23: Only 6 columns allowed in this table (row 3 has 5)
checkRd: (-1) summary.evolvabilityBetaMCMC.Rd:17-24: Only 6 columns allowed in this table (row 1 has 5)
checkRd: (-1) summary.evolvabilityBetaMCMC.Rd:17-24: Only 6 columns allowed in this table (row 2 has 5)
checkRd: (-1) summary.evolvabilityBetaMCMC.Rd:17-24: Only 6 columns allowed in this table (row 3 has 5)
checkRd: (-1) summary.responsediffBeta.Rd:16-23: Only 6 columns allowed in this table (row 1 has 5)
checkRd: (-1) summary.responsediffBeta.Rd:16-23: Only 6 columns allowed in this table (row 2 has 5)
checkRd: (-1) summary.responsediffBeta.Rd:16-23: Only 6 columns allowed in this table (row 3 has 5)
Flavor: r-devel-linux-x86_64-debian-gcc
These binaries (installable software) and packages are in development.
They may not be fully stable and should be used with caution. We make no claims about them.