Last updated on 2025-07-09 21:51:10 CEST.
Flavor | Version | Tinstall | Tcheck | Ttotal | Status | Flags |
---|---|---|---|---|---|---|
r-devel-linux-x86_64-debian-clang | 1.0-8 | 12.59 | 145.68 | 158.27 | NOTE | |
r-devel-linux-x86_64-debian-gcc | 1.0-8 | 8.67 | 99.57 | 108.24 | NOTE | |
r-devel-linux-x86_64-fedora-clang | 1.0-8 | 279.46 | OK | |||
r-devel-linux-x86_64-fedora-gcc | 1.0-8 | 284.07 | OK | |||
r-devel-windows-x86_64 | 1.0-8 | 17.00 | 161.00 | 178.00 | OK | |
r-patched-linux-x86_64 | 1.0-8 | 11.05 | 144.87 | 155.92 | OK | |
r-release-linux-x86_64 | 1.0-8 | 10.39 | 144.94 | 155.33 | OK | |
r-release-macos-arm64 | 1.0-8 | 104.00 | OK | |||
r-release-macos-x86_64 | 1.0-8 | 268.00 | OK | |||
r-release-windows-x86_64 | 1.0-8 | 15.00 | 167.00 | 182.00 | OK | |
r-oldrel-macos-arm64 | 1.0-8 | 86.00 | OK | |||
r-oldrel-macos-x86_64 | 1.0-8 | 141.00 | OK | |||
r-oldrel-windows-x86_64 | 1.0-8 | 21.00 | 202.00 | 223.00 | OK |
Version: 1.0-8
Check: CRAN incoming feasibility
Result: NOTE
Maintainer: ‘Thomas Grubinger <ThomasGrubinger@gmail.com>’
Package CITATION file contains call(s) to old-style personList() or
as.personList(). Please use c() on person objects instead.
Package CITATION file contains call(s) to old-style citEntry(). Please
use bibentry() instead.
Flavors: r-devel-linux-x86_64-debian-clang, r-devel-linux-x86_64-debian-gcc
These binaries (installable software) and packages are in development.
They may not be fully stable and should be used with caution. We make no claims about them.