CRAN Package Check Results for Package ewoc

Last updated on 2025-02-23 07:51:52 CET.

Flavor Version Tinstall Tcheck Ttotal Status Flags
r-devel-linux-x86_64-debian-clang 0.3.0 6.76 54.59 61.35 NOTE
r-devel-linux-x86_64-debian-gcc 0.3.0 4.63 38.85 43.48 NOTE
r-devel-linux-x86_64-fedora-clang 0.3.0 94.43 NOTE
r-devel-linux-x86_64-fedora-gcc 0.3.0 89.83 NOTE
r-devel-macos-arm64 0.3.0 28.00 NOTE
r-devel-macos-x86_64 0.3.0 53.00 NOTE
r-devel-windows-x86_64 0.3.0 8.00 91.00 99.00 NOTE
r-patched-linux-x86_64 0.3.0 5.64 49.99 55.63 NOTE
r-release-linux-x86_64 0.3.0 6.43 50.69 57.12 NOTE
r-release-macos-arm64 0.3.0 26.00 NOTE
r-release-macos-x86_64 0.3.0 50.00 NOTE
r-release-windows-x86_64 0.3.0 9.00 90.00 99.00 NOTE
r-oldrel-macos-arm64 0.3.0 30.00 NOTE
r-oldrel-macos-x86_64 0.3.0 44.00 NOTE
r-oldrel-windows-x86_64 0.3.0 10.00 103.00 113.00 NOTE

Check Details

Version: 0.3.0
Check: Rd files
Result: NOTE checkRd: (-1) stop_rule.Rd:20: Lost braces in \itemize; \value handles \item{}{} directly checkRd: (-1) stop_rule.Rd:21: Lost braces in \itemize; \value handles \item{}{} directly checkRd: (-1) stop_rule.Rd:22: Lost braces in \itemize; \value handles \item{}{} directly checkRd: (-1) stop_rule.Rd:23: Lost braces in \itemize; \value handles \item{}{} directly Flavors: r-devel-linux-x86_64-debian-clang, r-devel-linux-x86_64-debian-gcc, r-devel-linux-x86_64-fedora-clang, r-devel-linux-x86_64-fedora-gcc, r-devel-macos-arm64, r-devel-macos-x86_64, r-devel-windows-x86_64, r-patched-linux-x86_64, r-release-linux-x86_64, r-release-macos-arm64, r-release-macos-x86_64, r-release-windows-x86_64

Version: 0.3.0
Check: dependencies in R code
Result: NOTE Namespace in Imports field not imported from: ‘parallel’ All declared Imports should be used. Flavors: r-devel-linux-x86_64-fedora-clang, r-devel-linux-x86_64-fedora-gcc

Version: 0.3.0
Check: LazyData
Result: NOTE 'LazyData' is specified without a 'data' directory Flavors: r-patched-linux-x86_64, r-release-linux-x86_64, r-release-macos-arm64, r-release-macos-x86_64, r-release-windows-x86_64, r-oldrel-macos-arm64, r-oldrel-macos-x86_64, r-oldrel-windows-x86_64

These binaries (installable software) and packages are in development.
They may not be fully stable and should be used with caution. We make no claims about them.