CRAN Package Check Results for Package exceedProb

Last updated on 2025-02-12 12:48:42 CET.

Flavor Version Tinstall Tcheck Ttotal Status Flags
r-devel-linux-x86_64-debian-clang 0.0.1 16.41 22.23 38.64 OK
r-devel-linux-x86_64-debian-gcc 0.0.1 12.94 19.85 32.79 OK
r-devel-linux-x86_64-fedora-clang 0.0.1 73.71 OK
r-devel-linux-x86_64-fedora-gcc 0.0.1 75.66 OK
r-devel-windows-x86_64 0.0.1 10.00 6.00 16.00 ERROR
r-patched-linux-x86_64 0.0.1 17.15 23.19 40.34 NOTE
r-release-linux-x86_64 0.0.1 17.72 22.99 40.71 NOTE
r-release-macos-arm64 0.0.1 23.00 NOTE
r-release-macos-x86_64 0.0.1 33.00 NOTE
r-release-windows-x86_64 0.0.1 10.00 6.00 16.00 ERROR
r-oldrel-macos-arm64 0.0.1 25.00 NOTE
r-oldrel-macos-x86_64 0.0.1 38.00 NOTE
r-oldrel-windows-x86_64 0.0.1 11.00 8.00 19.00 ERROR

Check Details

Version: 0.0.1
Check: whether package can be installed
Result: ERROR Installation failed. Flavors: r-devel-windows-x86_64, r-release-windows-x86_64, r-oldrel-windows-x86_64

Version: 0.0.1
Check: LazyData
Result: NOTE 'LazyData' is specified without a 'data' directory Flavors: r-patched-linux-x86_64, r-release-linux-x86_64, r-release-macos-arm64, r-release-macos-x86_64, r-oldrel-macos-arm64, r-oldrel-macos-x86_64

These binaries (installable software) and packages are in development.
They may not be fully stable and should be used with caution. We make no claims about them.