Last updated on 2025-02-16 10:50:45 CET.
Flavor | Version | Tinstall | Tcheck | Ttotal | Status | Flags |
---|---|---|---|---|---|---|
r-devel-windows-x86_64 | 0.9.15 | 22.00 | 66.00 | 88.00 | OK | |
r-release-windows-x86_64 | 0.9.15 | 27.00 | 61.00 | 88.00 | OK | |
r-oldrel-macos-x86_64 | 0.9.10 | 7.00 | ERROR | |||
r-oldrel-windows-x86_64 | 0.9.15 | 5.00 | 8.00 | 13.00 | ERROR |
Version: 0.9.10
Check: PDF version of manual
Result: WARN
LaTeX errors when creating PDF version.
This typically indicates Rd problems.
Flavor: r-oldrel-macos-x86_64
Version: 0.9.10
Check: PDF version of manual without index
Result: ERROR
Re-running with no redirection of stdout/stderr.
Flavor: r-oldrel-macos-x86_64
Version: 0.9.15
Check: whether package can be installed
Result: ERROR
Installation failed.
Flavor: r-oldrel-windows-x86_64
These binaries (installable software) and packages are in development.
They may not be fully stable and should be used with caution. We make no claims about them.