Last updated on 2025-07-20 05:48:22 CEST.
Flavor | Version | Tinstall | Tcheck | Ttotal | Status | Flags |
---|---|---|---|---|---|---|
r-devel-linux-x86_64-debian-clang | 0.4.0 | 4.70 | 37.82 | 42.52 | NOTE | |
r-devel-linux-x86_64-debian-gcc | 0.4.0 | 3.79 | 27.93 | 31.72 | NOTE | |
r-devel-linux-x86_64-fedora-clang | 0.4.0 | 64.97 | OK | |||
r-devel-linux-x86_64-fedora-gcc | 0.4.0 | 58.94 | OK | |||
r-devel-windows-x86_64 | 0.4.0 | 6.00 | 52.00 | 58.00 | OK | |
r-patched-linux-x86_64 | 0.4.0 | 4.81 | 33.92 | 38.73 | OK | |
r-release-linux-x86_64 | 0.4.0 | 4.58 | 34.31 | 38.89 | OK | |
r-release-macos-arm64 | 0.4.0 | 21.00 | OK | |||
r-release-macos-x86_64 | 0.4.0 | 40.00 | OK | |||
r-release-windows-x86_64 | 0.4.0 | 8.00 | 52.00 | 60.00 | OK | |
r-oldrel-macos-arm64 | 0.4.0 | 23.00 | OK | |||
r-oldrel-macos-x86_64 | 0.4.0 | 32.00 | OK | |||
r-oldrel-windows-x86_64 | 0.4.0 | 7.00 | 60.00 | 67.00 | OK |
Version: 0.4.0
Check: CRAN incoming feasibility
Result: NOTE
Maintainer: ‘Jack Will <wujackwill@outlook.com>’
No Authors@R field in DESCRIPTION.
Please add one, modifying
Authors@R: person(given = "Jack",
family = "Will",
role = c("aut", "cre"),
email = "wujackwill@outlook.com")
as necessary.
Flavors: r-devel-linux-x86_64-debian-clang, r-devel-linux-x86_64-debian-gcc
These binaries (installable software) and packages are in development.
They may not be fully stable and should be used with caution. We make no claims about them.