CRAN Package Check Results for Package excel2eprime

Last updated on 2025-11-13 17:50:33 CET.

Flavor Version Tinstall Tcheck Ttotal Status Flags
r-devel-linux-x86_64-debian-clang 0.4.0 3.87 39.98 43.85 NOTE
r-devel-linux-x86_64-debian-gcc 0.4.0 3.12 29.65 32.77 NOTE
r-devel-linux-x86_64-fedora-clang 0.4.0 64.53 OK
r-devel-linux-x86_64-fedora-gcc 0.4.0 59.91 OK
r-devel-windows-x86_64 0.4.0 6.00 53.00 59.00 OK
r-patched-linux-x86_64 0.4.0 4.47 35.17 39.64 OK
r-release-linux-x86_64 0.4.0 4.42 35.24 39.66 OK
r-release-macos-arm64 0.4.0 2.00 19.00 21.00 OK
r-release-macos-x86_64 0.4.0 4.00 36.00 40.00 OK
r-release-windows-x86_64 0.4.0 7.00 51.00 58.00 OK
r-oldrel-macos-arm64 0.4.0 2.00 21.00 23.00 OK
r-oldrel-macos-x86_64 0.4.0 3.00 29.00 32.00 OK
r-oldrel-windows-x86_64 0.4.0 7.00 63.00 70.00 OK

Check Details

Version: 0.4.0
Check: CRAN incoming feasibility
Result: NOTE Maintainer: ‘Jack Will <wujackwill@outlook.com>’ No Authors@R field in DESCRIPTION. Please add one, modifying Authors@R: person(given = "Jack", family = "Will", role = c("aut", "cre"), email = "wujackwill@outlook.com") as necessary. Flavors: r-devel-linux-x86_64-debian-clang, r-devel-linux-x86_64-debian-gcc

These binaries (installable software) and packages are in development.
They may not be fully stable and should be used with caution. We make no claims about them.