CRAN Package Check Results for Package excelR

Last updated on 2025-11-13 15:51:09 CET.

Flavor Version Tinstall Tcheck Ttotal Status Flags
r-devel-linux-x86_64-debian-clang 0.4.0 2.41 31.49 33.90 OK
r-devel-linux-x86_64-debian-gcc 0.4.0 2.06 24.58 26.64 OK
r-devel-linux-x86_64-fedora-clang 0.4.0 48.42 OK
r-devel-linux-x86_64-fedora-gcc 0.4.0 46.93 OK
r-devel-windows-x86_64 0.4.0 5.00 50.00 55.00 OK
r-patched-linux-x86_64 0.4.0 2.86 28.85 31.71 OK
r-release-linux-x86_64 0.4.0 2.82 28.67 31.49 OK
r-release-macos-arm64 0.4.0 1.00 20.00 21.00 OK
r-release-macos-x86_64 0.4.0 4.00 39.00 43.00 OK
r-release-windows-x86_64 0.4.0 5.00 49.00 54.00 OK
r-oldrel-macos-arm64 0.4.0 1.00 23.00 24.00 NOTE
r-oldrel-macos-x86_64 0.4.0 2.00 30.00 32.00 NOTE
r-oldrel-windows-x86_64 0.4.0 8.00 59.00 67.00 NOTE

Check Details

Version: 0.4.0
Check: LazyData
Result: NOTE 'LazyData' is specified without a 'data' directory Flavors: r-oldrel-macos-arm64, r-oldrel-macos-x86_64, r-oldrel-windows-x86_64

These binaries (installable software) and packages are in development.
They may not be fully stable and should be used with caution. We make no claims about them.