CRAN Package Check Results for Package excelR

Last updated on 2025-05-24 13:49:24 CEST.

Flavor Version Tinstall Tcheck Ttotal Status Flags
r-devel-linux-x86_64-debian-clang 0.4.0 2.73 29.81 32.54 OK
r-devel-linux-x86_64-debian-gcc 0.4.0 2.23 23.51 25.74 OK
r-devel-linux-x86_64-fedora-clang 0.4.0 48.91 OK
r-devel-linux-x86_64-fedora-gcc 0.4.0 46.36 OK
r-devel-windows-x86_64 0.4.0 6.00 52.00 58.00 OK
r-patched-linux-x86_64 0.4.0 3.00 27.38 30.38 OK
r-release-linux-x86_64 0.4.0 2.59 27.36 29.95 OK
r-release-macos-arm64 0.4.0 21.00 OK
r-release-macos-x86_64 0.4.0 43.00 OK
r-release-windows-x86_64 0.4.0 6.00 74.00 80.00 OK
r-oldrel-macos-arm64 0.4.0 24.00 NOTE
r-oldrel-macos-x86_64 0.4.0 32.00 NOTE
r-oldrel-windows-x86_64 0.4.0 5.00 58.00 63.00 NOTE

Check Details

Version: 0.4.0
Check: LazyData
Result: NOTE 'LazyData' is specified without a 'data' directory Flavors: r-oldrel-macos-arm64, r-oldrel-macos-x86_64, r-oldrel-windows-x86_64

These binaries (installable software) and packages are in development.
They may not be fully stable and should be used with caution. We make no claims about them.