Last updated on 2025-02-07 05:50:36 CET.
Flavor | Version | Tinstall | Tcheck | Ttotal | Status | Flags |
---|---|---|---|---|---|---|
r-devel-linux-x86_64-debian-clang | 2.5.8 | 22.85 | 120.03 | 142.88 | OK | |
r-devel-linux-x86_64-debian-gcc | 2.5.8 | 17.04 | 87.53 | 104.57 | OK | |
r-devel-linux-x86_64-fedora-clang | 2.5.8 | 240.12 | OK | |||
r-devel-linux-x86_64-fedora-gcc | 2.5.8 | 219.84 | OK | |||
r-devel-windows-x86_64 | 2.5.8 | 34.00 | 126.00 | 160.00 | OK | |
r-patched-linux-x86_64 | 2.5.8 | 23.86 | 110.14 | 134.00 | NOTE | |
r-release-linux-x86_64 | 2.5.8 | 22.72 | 111.96 | 134.68 | NOTE | |
r-release-macos-arm64 | 2.5.8 | 60.00 | NOTE | |||
r-release-macos-x86_64 | 2.5.8 | 158.00 | NOTE | |||
r-release-windows-x86_64 | 2.5.8 | 35.00 | 126.00 | 161.00 | OK | |
r-oldrel-macos-arm64 | 2.5.8 | 77.00 | NOTE | |||
r-oldrel-macos-x86_64 | 2.5.8 | 137.00 | NOTE | |||
r-oldrel-windows-x86_64 | 2.5.8 | 38.00 | 171.00 | 209.00 | NOTE |
Version: 2.5.8
Check: package dependencies
Result: NOTE
Package suggested but not available for checking: ‘INLA’
Flavors: r-patched-linux-x86_64, r-release-linux-x86_64, r-release-macos-arm64, r-release-macos-x86_64, r-oldrel-macos-arm64, r-oldrel-macos-x86_64, r-oldrel-windows-x86_64
These binaries (installable software) and packages are in development.
They may not be fully stable and should be used with caution. We make no claims about them.