Last updated on 2024-07-27 15:50:17 CEST.
Flavor | Version | Tinstall | Tcheck | Ttotal | Status | Flags |
---|---|---|---|---|---|---|
r-devel-linux-x86_64-debian-clang | 2.5.8 | 29.29 | 148.36 | 177.65 | NOTE | |
r-devel-linux-x86_64-debian-gcc | 2.5.8 | NOTE | ||||
r-devel-linux-x86_64-fedora-clang | 2.5.8 | 227.63 | OK | |||
r-devel-linux-x86_64-fedora-gcc | 2.5.8 | 212.18 | OK | |||
r-devel-windows-x86_64 | 2.5.8 | 31.00 | 126.00 | 157.00 | OK | |
r-patched-linux-x86_64 | 2.5.8 | NOTE | ||||
r-release-linux-x86_64 | 2.5.8 | 22.76 | 140.28 | 163.04 | NOTE | |
r-release-macos-arm64 | 2.5.8 | 60.00 | NOTE | |||
r-release-macos-x86_64 | 2.5.8 | 158.00 | NOTE | |||
r-release-windows-x86_64 | 2.5.8 | 31.00 | 125.00 | 156.00 | OK | |
r-oldrel-macos-arm64 | 2.5.8 | 77.00 | NOTE | |||
r-oldrel-macos-x86_64 | 2.5.8 | 137.00 | NOTE | |||
r-oldrel-windows-x86_64 | 2.5.8 | 39.00 | 163.00 | 202.00 | NOTE |
Version: 2.5.8
Check: package dependencies
Result: NOTE
Package suggested but not available for checking: ‘INLA’
Flavors: r-devel-linux-x86_64-debian-clang, r-devel-linux-x86_64-debian-gcc, r-patched-linux-x86_64, r-release-linux-x86_64, r-release-macos-arm64, r-release-macos-x86_64, r-oldrel-macos-arm64, r-oldrel-macos-x86_64, r-oldrel-windows-x86_64
These binaries (installable software) and packages are in development.
They may not be fully stable and should be used with caution. We make no claims about them.