Last updated on 2025-05-01 21:53:01 CEST.
Flavor | Version | Tinstall | Tcheck | Ttotal | Status | Flags |
---|---|---|---|---|---|---|
r-devel-linux-x86_64-debian-clang | 0.3.7 | 4.24 | 62.95 | 67.19 | NOTE | |
r-devel-linux-x86_64-debian-gcc | 0.3.7 | 3.20 | 45.71 | 48.91 | OK | |
r-devel-linux-x86_64-fedora-clang | 0.3.7 | 108.16 | OK | |||
r-devel-linux-x86_64-fedora-gcc | 0.3.7 | 115.55 | OK | |||
r-devel-windows-x86_64 | 0.3.7 | 6.00 | 196.00 | 202.00 | OK | |
r-patched-linux-x86_64 | 0.3.7 | 4.33 | 61.00 | 65.33 | OK | |
r-release-linux-x86_64 | OK | |||||
r-release-macos-arm64 | 0.3.7 | 127.00 | OK | |||
r-release-macos-x86_64 | 0.3.7 | 203.00 | OK | |||
r-release-windows-x86_64 | 0.3.7 | 7.00 | 207.00 | 214.00 | OK | |
r-oldrel-macos-arm64 | 0.3.7 | 101.00 | OK | |||
r-oldrel-macos-x86_64 | 0.3.7 | 206.00 | OK | |||
r-oldrel-windows-x86_64 | 0.3.7 | 7.00 | 246.00 | 253.00 | OK |
Version: 0.3.7
Check: examples
Result: NOTE
Examples with CPU (user + system) or elapsed time > 5s
user system elapsed
apply_combo_rules 0.536 0.011 6.605
Flavor: r-devel-linux-x86_64-debian-clang
These binaries (installable software) and packages are in development.
They may not be fully stable and should be used with caution. We make no claims about them.