Last updated on 2025-02-16 10:50:45 CET.
Flavor | Version | Tinstall | Tcheck | Ttotal | Status | Flags |
---|---|---|---|---|---|---|
r-devel-linux-x86_64-debian-clang | 1.3.5 | 47.78 | 27.60 | 75.38 | NOTE | |
r-devel-linux-x86_64-debian-gcc | 1.3.5 | 30.86 | 21.81 | 52.67 | NOTE | |
r-devel-linux-x86_64-fedora-clang | 1.3.5 | 156.98 | NOTE | |||
r-devel-linux-x86_64-fedora-gcc | 1.3.5 | 140.81 | NOTE | |||
r-devel-macos-arm64 | 1.3.5 | 33.00 | NOTE | |||
r-devel-macos-x86_64 | 1.3.5 | 44.00 | NOTE | |||
r-devel-windows-x86_64 | 1.3.5 | 52.00 | 67.00 | 119.00 | NOTE | |
r-patched-linux-x86_64 | 1.3.5 | 41.21 | 26.15 | 67.36 | NOTE | |
r-release-linux-x86_64 | 1.3.5 | 44.60 | 26.32 | 70.92 | NOTE | |
r-release-macos-arm64 | 1.3.5 | 37.00 | NOTE | |||
r-release-macos-x86_64 | 1.3.5 | 47.00 | NOTE | |||
r-release-windows-x86_64 | 1.3.5 | 52.00 | 75.00 | 127.00 | NOTE | |
r-oldrel-macos-arm64 | 1.3.5 | 42.00 | NOTE | |||
r-oldrel-macos-x86_64 | 1.3.5 | 71.00 | NOTE | |||
r-oldrel-windows-x86_64 | 1.3.5 | 63.00 | 76.00 | 139.00 | NOTE |
Version: 1.3.5
Check: C++ specification
Result: NOTE
Specified C++11: please drop specification unless essential
Flavors: r-devel-linux-x86_64-debian-clang, r-devel-linux-x86_64-debian-gcc, r-devel-linux-x86_64-fedora-clang, r-devel-linux-x86_64-fedora-gcc, r-devel-macos-arm64, r-devel-macos-x86_64, r-devel-windows-x86_64, r-patched-linux-x86_64, r-release-linux-x86_64, r-release-macos-arm64, r-release-macos-x86_64, r-release-windows-x86_64, r-oldrel-macos-arm64, r-oldrel-macos-x86_64, r-oldrel-windows-x86_64
These binaries (installable software) and packages are in development.
They may not be fully stable and should be used with caution. We make no claims about them.