Last updated on 2025-02-16 10:50:45 CET.
Flavor | Version | Tinstall | Tcheck | Ttotal | Status | Flags |
---|---|---|---|---|---|---|
r-devel-linux-x86_64-debian-clang | 0.1.1 | 4.28 | 35.39 | 39.67 | NOTE | |
r-devel-linux-x86_64-debian-gcc | 0.1.1 | 3.05 | 27.24 | 30.29 | NOTE | |
r-devel-linux-x86_64-fedora-clang | 0.1.1 | 71.71 | NOTE | |||
r-devel-linux-x86_64-fedora-gcc | 0.1.1 | 61.39 | NOTE | |||
r-devel-macos-arm64 | 0.1.1 | 20.00 | OK | |||
r-devel-macos-x86_64 | 0.1.1 | 39.00 | NOTE | |||
r-devel-windows-x86_64 | 0.1.1 | 6.00 | 59.00 | 65.00 | NOTE | |
r-patched-linux-x86_64 | 0.1.1 | 4.39 | 34.09 | 38.48 | OK | |
r-release-linux-x86_64 | 0.1.1 | 3.88 | 33.76 | 37.64 | OK | |
r-release-macos-arm64 | 0.1.1 | 20.00 | OK | |||
r-release-macos-x86_64 | 0.1.1 | 32.00 | OK | |||
r-release-windows-x86_64 | 0.1.1 | 6.00 | 57.00 | 63.00 | OK | |
r-oldrel-macos-arm64 | 0.1.1 | 22.00 | OK | |||
r-oldrel-macos-x86_64 | 0.1.1 | 33.00 | OK | |||
r-oldrel-windows-x86_64 | 0.1.1 | 7.00 | 73.00 | 80.00 | OK |
Version: 0.1.1
Check: DESCRIPTION meta-information
Result: NOTE
Missing dependency on R >= 4.1.0 because package code uses the pipe
|> or function shorthand \(...) syntax added in R 4.1.0.
File(s) using such syntax:
‘compare_benchmark_event.R’ ‘compare_benchmark_time.R’
Flavors: r-devel-linux-x86_64-debian-clang, r-devel-linux-x86_64-debian-gcc, r-devel-linux-x86_64-fedora-clang, r-devel-linux-x86_64-fedora-gcc, r-devel-macos-x86_64, r-devel-windows-x86_64
These binaries (installable software) and packages are in development.
They may not be fully stable and should be used with caution. We make no claims about them.