Last updated on 2025-11-11 17:49:58 CET.
| Flavor | Version | Tinstall | Tcheck | Ttotal | Status | Flags |
|---|---|---|---|---|---|---|
| r-devel-linux-x86_64-debian-clang | 0.1-9 | 2.43 | 39.78 | 42.21 | OK | |
| r-devel-linux-x86_64-debian-gcc | 0.1-9 | 2.10 | 31.00 | 33.10 | OK | |
| r-devel-linux-x86_64-fedora-clang | 0.1-9 | 14.00 | 45.09 | 59.09 | OK | |
| r-devel-linux-x86_64-fedora-gcc | 0.1-9 | 68.54 | OK | |||
| r-devel-windows-x86_64 | 0.1-9 | 9.00 | 88.00 | 97.00 | OK | |
| r-patched-linux-x86_64 | 0.1-8 | 2.37 | 28.71 | 31.08 | NOTE | |
| r-release-linux-x86_64 | 0.1-8 | 2.16 | 28.82 | 30.98 | NOTE | |
| r-release-macos-arm64 | 0.1-9 | 5.00 | 64.00 | 69.00 | OK | |
| r-release-macos-x86_64 | 0.1-9 | 9.00 | 95.00 | 104.00 | OK | |
| r-release-windows-x86_64 | 0.1-8 | 6.00 | 66.00 | 72.00 | NOTE | |
| r-oldrel-macos-arm64 | 0.1-9 | 4.00 | 68.00 | 72.00 | OK | |
| r-oldrel-macos-x86_64 | 0.1-9 | 9.00 | 94.00 | 103.00 | OK | |
| r-oldrel-windows-x86_64 | 0.1-9 | 11.00 | 95.00 | 106.00 | OK |
Version: 0.1-8
Check: compiled code
Result: NOTE
File ‘expint/libs/expint.so’:
Found non-API call to R: ‘OBJECT’
Compiled code should not call non-API entry points in R.
See ‘Writing portable packages’ in the ‘Writing R Extensions’ manual,
and section ‘Moving into C API compliance’ for issues with the use of
non-API entry points.
Flavors: r-patched-linux-x86_64, r-release-linux-x86_64
Version: 0.1-8
Check: compiled code
Result: NOTE
File 'expint/libs/x64/expint.dll':
Found non-API call to R: 'OBJECT'
Compiled code should not call non-API entry points in R.
See 'Writing portable packages' in the 'Writing R Extensions' manual,
and section 'Moving into C API compliance' for issues with the use of
non-API entry points.
Flavor: r-release-windows-x86_64
These binaries (installable software) and packages are in development.
They may not be fully stable and should be used with caution. We make no claims about them.